CRAN Package Check Results for Package pkgnet

Last updated on 2021-10-25 10:54:31 CEST.

Flavor Version Tinstall Tcheck Ttotal Status Flags
r-devel-linux-x86_64-debian-clang 0.4.1 10.12 47.98 58.10 NOTE
r-devel-linux-x86_64-debian-gcc 0.4.1 8.12 36.82 44.94 NOTE
r-devel-linux-x86_64-fedora-clang 0.4.1 80.70 NOTE
r-devel-linux-x86_64-fedora-gcc 0.4.1 71.12 NOTE
r-devel-windows-x86_64 0.4.1 19.00 74.00 93.00 NOTE
r-devel-windows-x86_64-gcc10-UCRT 0.1 NOTE
r-patched-linux-x86_64 0.4.1 10.73 45.08 55.81 NOTE
r-patched-solaris-x86 0.4.1 111.50 NOTE
r-release-linux-x86_64 0.4.1 9.59 45.27 54.86 NOTE
r-release-macos-arm64 0.4.1 NOTE
r-release-macos-x86_64 0.4.1 NOTE
r-release-windows-ix86+x86_64 0.4.1 16.00 56.00 72.00 NOTE
r-oldrel-macos-x86_64 0.4.1 OK
r-oldrel-windows-ix86+x86_64 0.4.1 21.00 71.00 92.00 OK

Check Details

Version: 0.4.1
Check: LazyData
Result: NOTE
     'LazyData' is specified without a 'data' directory
Flavors: r-devel-linux-x86_64-debian-clang, r-devel-linux-x86_64-debian-gcc, r-devel-linux-x86_64-fedora-clang, r-devel-linux-x86_64-fedora-gcc, r-devel-windows-x86_64, r-devel-windows-x86_64-gcc10-UCRT, r-patched-linux-x86_64, r-patched-solaris-x86, r-release-linux-x86_64, r-release-macos-arm64, r-release-macos-x86_64, r-release-windows-ix86+x86_64

Version: 0.4.1
Check: Rd cross-references
Result: NOTE
    Undeclared packages ‘pkgdown’, ‘htmlwidgets’ in Rd xrefs
Flavor: r-devel-linux-x86_64-fedora-clang