CRAN Package Check Results for Package planar

Last updated on 2021-09-26 04:50:40 CEST.

Flavor Version Tinstall Tcheck Ttotal Status Flags
r-devel-linux-x86_64-debian-clang 1.6 119.38 79.53 198.91 OK
r-devel-linux-x86_64-debian-gcc 1.6 81.11 58.54 139.65 OK
r-devel-linux-x86_64-fedora-clang 1.6 281.74 NOTE
r-devel-linux-x86_64-fedora-gcc 1.6 251.52 NOTE
r-devel-windows-x86_64 1.6 112.00 84.00 196.00 OK
r-devel-windows-x86_64-gcc10-UCRT 1.6 OK
r-patched-linux-x86_64 1.6 84.25 65.22 149.47 OK
r-patched-solaris-x86 1.6 248.30 OK
r-release-linux-x86_64 1.6 96.03 64.82 160.85 OK
r-release-macos-arm64 1.6 NOTE
r-release-macos-x86_64 1.6 NOTE
r-release-windows-ix86+x86_64 1.6 269.00 95.00 364.00 OK
r-oldrel-macos-x86_64 1.6 NOTE
r-oldrel-windows-ix86+x86_64 1.6 200.00 93.00 293.00 OK

Check Details

Version: 1.6
Check: compiled code
Result: NOTE
    File ‘planar/libs/planar.so’:
     Found no calls to: ‘R_registerRoutines’, ‘R_useDynamicSymbols’
    
    It is good practice to register native routines and to disable symbol
    search.
    
    See ‘Writing portable packages’ in the ‘Writing R Extensions’ manual.
Flavors: r-devel-linux-x86_64-fedora-clang, r-devel-linux-x86_64-fedora-gcc

Version: 1.6
Check: installed package size
Result: NOTE
     installed size is 6.9Mb
     sub-directories of 1Mb or more:
     libs 6.3Mb
Flavors: r-release-macos-arm64, r-release-macos-x86_64, r-oldrel-macos-x86_64