CRAN Package Check Results for Package plotbb

Last updated on 2021-12-05 09:50:05 CET.

Flavor Version Tinstall Tcheck Ttotal Status Flags
r-devel-linux-x86_64-debian-clang 0.0.6 3.37 50.52 53.89 OK
r-devel-linux-x86_64-debian-gcc 0.0.6 2.15 39.36 41.51 OK
r-devel-linux-x86_64-fedora-clang 0.0.6 65.50 OK
r-devel-linux-x86_64-fedora-gcc 0.0.6 53.47 OK
r-devel-windows-x86_64-new-UL 0.0.6 9.00 87.00 96.00 OK
r-devel-windows-x86_64-new-TK 0.0.6 OK
r-devel-windows-x86_64-old 0.0.6 5.00 48.00 53.00 OK
r-patched-linux-x86_64 0.0.6 3.12 39.36 42.48 OK
r-release-linux-x86_64 0.0.6 2.96 47.38 50.34 OK
r-release-macos-arm64 0.0.6 OK
r-release-macos-x86_64 0.0.6 WARN
r-release-windows-ix86+x86_64 0.0.6 7.00 64.00 71.00 OK
r-oldrel-macos-x86_64 0.0.6 WARN
r-oldrel-windows-ix86+x86_64 0.0.6 10.00 61.00 71.00 OK

Check Details

Version: 0.0.6
Check: re-building of vignette outputs
Result: WARN
    Error(s) in re-building vignettes:
     ...
    --- re-building ‘plotbb.Rmd’ using rmarkdown
    Pandoc is required to build R Markdown vignettes but not available. Please make sure it is installed.
    
    Attaching package: 'dplyr'
    
    The following objects are masked from 'package:stats':
    
     filter, lag
    
    The following objects are masked from 'package:base':
    
     intersect, setdiff, setequal, union
    
    Quitting from lines 49-57 (plotbb.Rmd)
    Error: processing vignette 'plotbb.Rmd' failed with diagnostics:
    non-numeric argument to binary operator
    --- failed re-building ‘plotbb.Rmd’
    
    SUMMARY: processing the following file failed:
     ‘plotbb.Rmd’
    
    Error: Vignette re-building failed.
    Execution halted
Flavors: r-release-macos-x86_64, r-oldrel-macos-x86_64