CRAN Package Check Results for Package plothelper

Last updated on 2021-12-02 15:52:48 CET.

Flavor Version Tinstall Tcheck Ttotal Status Flags
r-devel-linux-x86_64-debian-clang 0.1.9 7.95 70.74 78.69 NOTE
r-devel-linux-x86_64-debian-gcc 0.1.9 6.44 52.49 58.93 NOTE
r-devel-linux-x86_64-fedora-clang 0.1.9 106.19 NOTE
r-devel-linux-x86_64-fedora-gcc 0.1.9 89.24 ERROR
r-devel-windows-x86_64-new-UL 0.1.9 20.00 106.00 126.00 NOTE
r-devel-windows-x86_64-new-TK 0.1.9 NOTE
r-devel-windows-x86_64-old 0.1.9 14.00 65.00 79.00 NOTE
r-patched-linux-x86_64 0.1.9 9.00 63.70 72.70 NOTE
r-patched-solaris-x86 0.1.9 123.20 NOTE
r-release-linux-x86_64 0.1.9 8.57 63.72 72.29 NOTE
r-release-macos-arm64 0.1.9 NOTE
r-release-macos-x86_64 0.1.9 NOTE
r-release-windows-ix86+x86_64 0.1.9 18.00 95.00 113.00 NOTE
r-oldrel-macos-x86_64 0.1.9 OK
r-oldrel-windows-ix86+x86_64 0.1.9 18.00 92.00 110.00 OK

Check Details

Version: 0.1.9
Check: LazyData
Result: NOTE
     'LazyData' is specified without a 'data' directory
Flavors: r-devel-linux-x86_64-debian-clang, r-devel-linux-x86_64-debian-gcc, r-devel-linux-x86_64-fedora-clang, r-devel-linux-x86_64-fedora-gcc, r-devel-windows-x86_64-new-UL, r-devel-windows-x86_64-new-TK, r-devel-windows-x86_64-old, r-patched-linux-x86_64, r-patched-solaris-x86, r-release-linux-x86_64, r-release-macos-arm64, r-release-macos-x86_64, r-release-windows-ix86+x86_64

Version: 0.1.9
Check: examples
Result: ERROR
    Running examples in ‘plothelper-Ex.R’ failed
    The error most likely occurred in:
    
    > ### Name: count_each_column
    > ### Title: Counting Each Column and Summarizing in a Matrix
    > ### Aliases: count_each_column
    >
    > ### ** Examples
    >
    > # values that do not appear in
    > # the data can also be counted.
    > # a factor will be transformed into
    > # a character variable automatically.
    > x1=c("a", "b", "a", "b", NA)
    > x2=factor(x1)
    > x3=c("1", "3", "2", "1", "a")
    > dat=data.frame(x1, x2, x3, stringsAsFactors=FALSE)
    > res=count_each_column(dat, answer=c("c", "d", NA, "a"))
    Error in splitter_a(.data, .margins, .expand) : Invalid margin
    Calls: count_each_column -> unique -> unlist -> <Anonymous> -> splitter_a
    Execution halted
Flavor: r-devel-linux-x86_64-fedora-gcc