CRAN Package Check Results for Package plsVarSel

Last updated on 2021-09-22 16:50:07 CEST.

Flavor Version Tinstall Tcheck Ttotal Status Flags
r-devel-linux-x86_64-debian-clang 0.9.6 9.54 77.12 86.66 OK
r-devel-linux-x86_64-debian-gcc 0.9.6 6.84 58.03 64.87 OK
r-devel-linux-x86_64-fedora-clang 0.9.6 115.44 OK
r-devel-linux-x86_64-fedora-gcc 0.9.6 105.31 OK
r-devel-windows-x86_64 0.9.6 11.00 75.00 86.00 OK
r-devel-windows-x86_64-gcc10-UCRT 0.9.6 ERROR
r-patched-linux-x86_64 0.9.6 10.10 73.62 83.72 OK
r-patched-solaris-x86 0.9.6 123.90 OK
r-release-linux-x86_64 0.9.6 8.89 73.74 82.63 OK
r-release-macos-arm64 0.9.6 NOTE
r-release-macos-x86_64 0.9.6 NOTE
r-release-windows-ix86+x86_64 0.9.6 21.00 73.00 94.00 OK
r-oldrel-macos-x86_64 0.9.6 NOTE
r-oldrel-windows-ix86+x86_64 0.9.6 15.00 76.00 91.00 OK

Check Details

Version: 0.9.6
Check: package dependencies
Result: ERROR
    Package required but not available: 'MSQC'
    
    See section 'The DESCRIPTION file' in the 'Writing R Extensions'
    manual.
Flavor: r-devel-windows-x86_64-gcc10-UCRT

Version: 0.9.6
Check: package dependencies
Result: NOTE
    Package suggested but not available for checking: ‘Rmpi’
Flavors: r-release-macos-arm64, r-release-macos-x86_64, r-oldrel-macos-x86_64