CRAN Package Check Results for Package plus

Last updated on 2022-01-24 15:54:21 CET.

Flavor Version Tinstall Tcheck Ttotal Status Flags
r-devel-linux-x86_64-debian-clang 1.0 2.75 44.81 47.56 NOTE
r-devel-linux-x86_64-debian-gcc 1.0 1.90 35.13 37.03 NOTE
r-devel-linux-x86_64-fedora-clang 1.0 59.62 NOTE
r-devel-linux-x86_64-fedora-gcc 1.0 48.58 NOTE
r-devel-windows-x86_64-new-UL 1.0 17.00 63.00 80.00 OK
r-devel-windows-x86_64-new-TK 1.0 OK
r-patched-linux-x86_64 1.0 3.62 43.76 47.38 NOTE
r-release-linux-x86_64 1.0 3.43 43.68 47.11 NOTE
r-release-macos-arm64 1.0 OK
r-release-macos-x86_64 1.0 OK
r-release-windows-ix86+x86_64 1.0 6.00 43.00 49.00 OK
r-oldrel-macos-x86_64 1.0 OK
r-oldrel-windows-ix86+x86_64 1.0 6.00 42.00 48.00 OK

Check Details

Version: 1.0
Check: Rd line widths
Result: NOTE
    Rd file 'predict.plus.Rd':
     \examples lines wider than 100 characters:
     extracted.values <- predict(object, lam = sort(object$lam.path[1:10],decreasing=TRUE), newx=object$x)
    
    These lines will be truncated in the PDF manual.
Flavors: r-devel-linux-x86_64-debian-clang, r-devel-linux-x86_64-debian-gcc, r-devel-linux-x86_64-fedora-clang, r-devel-linux-x86_64-fedora-gcc, r-patched-linux-x86_64, r-release-linux-x86_64