CRAN Package Check Results for Package pmultinom

Last updated on 2021-09-17 04:49:28 CEST.

Flavor Version Tinstall Tcheck Ttotal Status Flags
r-devel-linux-x86_64-debian-clang 1.0.0 2.20 68.78 70.98 NOTE
r-devel-linux-x86_64-debian-gcc 1.0.0 1.63 50.48 52.11 NOTE
r-devel-linux-x86_64-fedora-clang 1.0.0 90.34 NOTE
r-devel-linux-x86_64-fedora-gcc 1.0.0 81.82 NOTE
r-devel-windows-x86_64 1.0.0 3.00 94.00 97.00 NOTE
r-devel-windows-x86_64-gcc10-UCRT 1.0.0 NOTE
r-patched-linux-x86_64 1.0.0 2.21 65.33 67.54 NOTE
r-patched-solaris-x86 1.0.0 112.10 ERROR
r-release-linux-x86_64 1.0.0 1.94 63.29 65.23 NOTE
r-release-macos-arm64 1.0.0 NOTE
r-release-macos-x86_64 1.0.0 NOTE
r-release-windows-ix86+x86_64 1.0.0 5.00 69.00 74.00 NOTE
r-oldrel-macos-x86_64 1.0.0 OK
r-oldrel-windows-ix86+x86_64 1.0.0 4.00 98.00 102.00 OK

Check Details

Version: 1.0.0
Check: LazyData
Result: NOTE
     'LazyData' is specified without a 'data' directory
Flavors: r-devel-linux-x86_64-debian-clang, r-devel-linux-x86_64-debian-gcc, r-devel-linux-x86_64-fedora-clang, r-devel-linux-x86_64-fedora-gcc, r-devel-windows-x86_64, r-devel-windows-x86_64-gcc10-UCRT, r-patched-linux-x86_64, r-patched-solaris-x86, r-release-linux-x86_64, r-release-macos-arm64, r-release-macos-x86_64, r-release-windows-ix86+x86_64

Version: 1.0.0
Check: tests
Result: ERROR
     Running ‘testthat.R’ [47s/53s]
    Running the tests in ‘tests/testthat.R’ failed.
    Complete output:
     > library(testthat)
     > library(pmultinom)
     >
     > test_check("pmultinom")
     ══ Failed tests ════════════════════════════════════════════════════════════════
     ── Failure (test_invertpmultinom.R:37:3): Correct behavior when target probability is 0 or 1 ──
     invert.pmultinom(...) not equal to 0.
     1/1 mismatches
     [1] 6 - 0 == 6
    
     [ FAIL 1 | WARN 0 | SKIP 0 | PASS 1561 ]
     Error: Test failures
     Execution halted
Flavor: r-patched-solaris-x86