CRAN Package Check Results for Package pnn

Last updated on 2021-12-02 15:52:48 CET.

Flavor Version Tinstall Tcheck Ttotal Status Flags
r-devel-linux-x86_64-debian-clang 1.0.1 2.19 27.07 29.26 NOTE
r-devel-linux-x86_64-debian-gcc 1.0.1 1.55 20.78 22.33 NOTE
r-devel-linux-x86_64-fedora-clang 1.0.1 45.25 NOTE
r-devel-linux-x86_64-fedora-gcc 1.0.1 35.45 NOTE
r-devel-windows-x86_64-new-UL 1.0.1 6.00 60.00 66.00 NOTE
r-devel-windows-x86_64-new-TK 1.0.1 NOTE
r-devel-windows-x86_64-old 1.0.1 4.00 35.00 39.00 NOTE
r-patched-linux-x86_64 1.0.1 2.24 26.20 28.44 NOTE
r-patched-solaris-x86 1.0.1 51.50 NOTE
r-release-linux-x86_64 1.0.1 2.03 26.39 28.42 NOTE
r-release-macos-arm64 1.0.1 NOTE
r-release-macos-x86_64 1.0.1 NOTE
r-release-windows-ix86+x86_64 1.0.1 5.00 50.00 55.00 NOTE
r-oldrel-macos-x86_64 1.0.1 NOTE
r-oldrel-windows-ix86+x86_64 1.0.1 6.00 45.00 51.00 NOTE

Check Details

Version: 1.0.1
Check: top-level files
Result: NOTE
    Non-standard file/directory found at top level:
     'TODO.md'
Flavors: r-devel-linux-x86_64-debian-clang, r-devel-linux-x86_64-debian-gcc, r-devel-linux-x86_64-fedora-clang, r-devel-linux-x86_64-fedora-gcc, r-patched-linux-x86_64, r-release-linux-x86_64

Version: 1.0.1
Check: dependencies in R code
Result: NOTE
    'library' or 'require' call to 'rgenoud' in package code.
     Please use :: or requireNamespace() instead.
     See section 'Suggested packages' in the 'Writing R Extensions' manual.
Flavors: r-devel-linux-x86_64-debian-clang, r-devel-linux-x86_64-debian-gcc, r-devel-linux-x86_64-fedora-clang, r-devel-linux-x86_64-fedora-gcc, r-devel-windows-x86_64-new-UL, r-devel-windows-x86_64-new-TK, r-devel-windows-x86_64-old, r-patched-linux-x86_64, r-patched-solaris-x86, r-release-linux-x86_64, r-release-macos-arm64, r-release-macos-x86_64, r-release-windows-ix86+x86_64, r-oldrel-macos-x86_64, r-oldrel-windows-ix86+x86_64

Version: 1.0.1
Check: R code for possible problems
Result: NOTE
    smooth: no visible global function definition for 'genoud'
    Undefined global functions or variables:
     genoud
Flavors: r-devel-linux-x86_64-debian-clang, r-devel-linux-x86_64-debian-gcc, r-devel-linux-x86_64-fedora-clang, r-devel-linux-x86_64-fedora-gcc, r-devel-windows-x86_64-new-UL, r-devel-windows-x86_64-new-TK, r-devel-windows-x86_64-old, r-patched-linux-x86_64, r-patched-solaris-x86, r-release-linux-x86_64, r-release-macos-arm64, r-release-macos-x86_64, r-release-windows-ix86+x86_64, r-oldrel-macos-x86_64, r-oldrel-windows-ix86+x86_64