CRAN Package Check Results for Package pocketapi

Last updated on 2024-07-21 16:52:19 CEST.

Flavor Version Tinstall Tcheck Ttotal Status Flags
r-devel-linux-x86_64-debian-clang 0.1 4.25 47.63 51.88 NOTE
r-devel-linux-x86_64-debian-gcc 0.1 3.28 36.75 40.03 NOTE
r-devel-linux-x86_64-fedora-clang 0.1 65.75 NOTE
r-devel-linux-x86_64-fedora-gcc 0.1 95.31 NOTE
r-devel-windows-x86_64 0.1 7.00 60.00 67.00 NOTE
r-patched-linux-x86_64 0.1 4.14 45.52 49.66 NOTE
r-release-linux-x86_64 0.1 3.06 45.58 48.64 NOTE
r-release-macos-arm64 0.1 39.00 NOTE
r-release-macos-x86_64 0.1 53.00 NOTE
r-release-windows-x86_64 0.1 5.00 58.00 63.00 NOTE
r-oldrel-macos-arm64 0.1 37.00 NOTE
r-oldrel-macos-x86_64 0.1 72.00 NOTE
r-oldrel-windows-x86_64 0.1 6.00 63.00 69.00 NOTE

Check Details

Version: 0.1
Check: package subdirectories
Result: NOTE Problems with news in ‘NEWS.md’: No news entries found. Flavors: r-devel-linux-x86_64-debian-clang, r-devel-linux-x86_64-debian-gcc, r-devel-linux-x86_64-fedora-clang, r-devel-linux-x86_64-fedora-gcc, r-devel-windows-x86_64, r-patched-linux-x86_64, r-release-linux-x86_64, r-release-macos-arm64, r-release-macos-x86_64, r-release-windows-x86_64, r-oldrel-macos-arm64, r-oldrel-macos-x86_64, r-oldrel-windows-x86_64

Version: 0.1
Check: LazyData
Result: NOTE 'LazyData' is specified without a 'data' directory Flavors: r-devel-linux-x86_64-debian-clang, r-devel-linux-x86_64-debian-gcc, r-devel-linux-x86_64-fedora-clang, r-devel-linux-x86_64-fedora-gcc, r-devel-windows-x86_64, r-patched-linux-x86_64, r-release-linux-x86_64, r-release-macos-arm64, r-release-macos-x86_64, r-release-windows-x86_64, r-oldrel-macos-arm64, r-oldrel-macos-x86_64, r-oldrel-windows-x86_64

Version: 0.1
Check: dependencies in R code
Result: NOTE Namespace in Imports field not imported from: ‘dplyr’ All declared Imports should be used. Flavors: r-devel-linux-x86_64-fedora-clang, r-devel-linux-x86_64-fedora-gcc