CRAN Package Check Results for Package poissonreg

Last updated on 2021-09-23 13:54:58 CEST.

Flavor Version Tinstall Tcheck Ttotal Status Flags
r-devel-linux-x86_64-debian-clang 0.1.1 5.83 72.06 77.89 OK
r-devel-linux-x86_64-debian-gcc 0.1.1 4.91 52.97 57.88 OK
r-devel-linux-x86_64-fedora-clang 0.1.1 97.11 NOTE
r-devel-linux-x86_64-fedora-gcc 0.1.1 87.10 OK
r-devel-windows-x86_64 0.1.1 7.00 71.00 78.00 OK
r-devel-windows-x86_64-gcc10-UCRT 0.1.1 ERROR
r-patched-linux-x86_64 0.1.1 12.84 65.68 78.52 OK
r-patched-solaris-x86 0.1.1 119.30 OK
r-release-linux-x86_64 0.1.1 5.58 66.53 72.11 OK
r-release-macos-arm64 0.1.1 OK
r-release-macos-x86_64 0.1.1 OK
r-release-windows-ix86+x86_64 0.1.1 14.00 67.00 81.00 OK
r-oldrel-macos-x86_64 0.1.1 OK
r-oldrel-windows-ix86+x86_64 0.1.1 9.00 66.00 75.00 OK

Check Details

Version: 0.1.1
Check: Rd cross-references
Result: NOTE
    Undeclared packages ‘workflows’, ‘rstanarm’, ‘rstan’ in Rd xrefs
Flavor: r-devel-linux-x86_64-fedora-clang

Version: 0.1.1
Check: package dependencies
Result: NOTE
    Package suggested but not available for checking: 'spelling'
Flavor: r-devel-windows-x86_64-gcc10-UCRT

Version: 0.1.1
Check: Rd cross-references
Result: NOTE
    Packages unavailable to check Rd xrefs: 'rstanarm', 'rstan'
Flavor: r-devel-windows-x86_64-gcc10-UCRT

Version: 0.1.1
Check: PDF version of manual
Result: WARN
    LaTeX errors when creating PDF version.
    This typically indicates Rd problems.
Flavor: r-devel-windows-x86_64-gcc10-UCRT

Version: 0.1.1
Check: PDF version of manual without hyperrefs or index
Result: ERROR
    Re-running with no redirection of stdout/stderr.
Flavor: r-devel-windows-x86_64-gcc10-UCRT