CRAN Package Check Results for Package politeness

Last updated on 2021-10-18 22:56:14 CEST.

Flavor Version Tinstall Tcheck Ttotal Status Flags
r-devel-linux-x86_64-debian-clang 0.8.5 11.05 123.71 134.76 OK
r-devel-linux-x86_64-debian-gcc 0.8.5 8.92 93.23 102.15 OK
r-devel-linux-x86_64-fedora-clang 0.8.5 172.88 NOTE
r-devel-linux-x86_64-fedora-gcc 0.8.5 156.95 NOTE
r-devel-windows-x86_64 0.8.5 17.00 150.00 167.00 OK
r-devel-windows-x86_64-gcc10-UCRT 0.8.5 NOTE
r-patched-linux-x86_64 0.8.5 14.16 116.10 130.26 OK
r-patched-solaris-x86 0.8.5 213.40 NOTE
r-release-linux-x86_64 0.8.5 11.07 117.11 128.18 OK
r-release-macos-arm64 0.8.5 NOTE
r-release-macos-x86_64 0.8.5 NOTE
r-release-windows-ix86+x86_64 0.8.5 23.00 145.00 168.00 OK
r-oldrel-macos-x86_64 0.8.5 NOTE
r-oldrel-windows-ix86+x86_64 0.8.5 24.00 149.00 173.00 OK

Check Details

Version: 0.8.5
Check: data for non-ASCII characters
Result: NOTE
     Note: found 52 marked UTF-8 strings
Flavors: r-devel-linux-x86_64-fedora-clang, r-devel-linux-x86_64-fedora-gcc, r-devel-windows-x86_64-gcc10-UCRT, r-patched-solaris-x86, r-release-macos-arm64, r-release-macos-x86_64, r-oldrel-macos-x86_64