CRAN Package Check Results for Package polyglot

Last updated on 2021-09-25 22:54:15 CEST.

Flavor Version Tinstall Tcheck Ttotal Status Flags
r-devel-linux-x86_64-debian-clang 0.3.0 3.22 29.37 32.59 NOTE
r-devel-linux-x86_64-debian-gcc 0.3.0 2.30 22.65 24.95 NOTE
r-devel-linux-x86_64-fedora-clang 0.3.0 49.61 NOTE
r-devel-linux-x86_64-fedora-gcc 0.3.0 36.67 NOTE
r-devel-windows-x86_64 0.3.0 5.00 37.00 42.00 NOTE
r-devel-windows-x86_64-gcc10-UCRT 0.3.0 NOTE
r-patched-linux-x86_64 0.3.0 2.64 28.13 30.77 NOTE
r-patched-solaris-x86 0.3.0 65.10 NOTE
r-release-linux-x86_64 0.3.0 2.83 28.52 31.35 NOTE
r-release-macos-arm64 0.3.0 NOTE
r-release-macos-x86_64 0.3.0 NOTE
r-release-windows-ix86+x86_64 0.3.0 7.00 38.00 45.00 NOTE
r-oldrel-macos-x86_64 0.3.0 OK
r-oldrel-windows-ix86+x86_64 0.3.0 6.00 36.00 42.00 OK

Check Details

Version: 0.3.0
Check: LazyData
Result: NOTE
     'LazyData' is specified without a 'data' directory
Flavors: r-devel-linux-x86_64-debian-clang, r-devel-linux-x86_64-debian-gcc, r-devel-linux-x86_64-fedora-clang, r-devel-linux-x86_64-fedora-gcc, r-devel-windows-x86_64, r-devel-windows-x86_64-gcc10-UCRT, r-patched-linux-x86_64, r-patched-solaris-x86, r-release-linux-x86_64, r-release-macos-arm64, r-release-macos-x86_64, r-release-windows-ix86+x86_64