CRAN Package Check Results for Package polyqtlR

Last updated on 2021-07-29 01:49:30 CEST.

Flavor Version Tinstall Tcheck Ttotal Status Flags
r-devel-linux-x86_64-debian-clang 0.0.6 OK
r-devel-linux-x86_64-debian-gcc 0.0.6 27.18 86.70 113.88 OK
r-devel-linux-x86_64-fedora-clang 0.0.6 203.98 NOTE
r-devel-linux-x86_64-fedora-gcc 0.0.6 187.50 OK
r-devel-windows-x86_64 0.0.6 60.00 154.00 214.00 NOTE
r-devel-windows-x86_64-gcc10-UCRT 0.0.6 OK
r-patched-linux-x86_64 0.0.6 36.02 113.41 149.43 OK
r-patched-solaris-x86 0.0.6 229.40 NOTE
r-release-linux-x86_64 0.0.6 34.87 112.63 147.50 OK
r-release-macos-arm64 0.0.6 NOTE
r-release-macos-x86_64 0.0.6 NOTE
r-release-windows-ix86+x86_64 0.0.6 88.00 214.00 302.00 NOTE
r-oldrel-macos-x86_64 0.0.6 NOTE
r-oldrel-windows-ix86+x86_64 0.0.6 71.00 216.00 287.00 NOTE

Check Details

Version: 0.0.6
Check: installed package size
Result: NOTE
     installed size is 5.9Mb
     sub-directories of 1Mb or more:
     data 2.6Mb
     doc 1.7Mb
     libs 1.1Mb
Flavors: r-devel-linux-x86_64-fedora-clang, r-devel-windows-x86_64, r-patched-solaris-x86, r-release-macos-arm64, r-release-macos-x86_64, r-release-windows-ix86+x86_64, r-oldrel-macos-x86_64, r-oldrel-windows-ix86+x86_64