CRAN Package Check Results for Package polywog

Last updated on 2021-09-21 04:55:27 CEST.

Flavor Version Tinstall Tcheck Ttotal Status Flags
r-devel-linux-x86_64-debian-clang 0.4-1 67.87 83.08 150.95 OK
r-devel-linux-x86_64-debian-gcc 0.4-1 39.47 62.65 102.12 OK
r-devel-linux-x86_64-fedora-clang 0.4-1 204.80 OK
r-devel-linux-x86_64-fedora-gcc 0.4-1 176.82 OK
r-devel-windows-x86_64 0.4-1 67.00 85.00 152.00 OK
r-devel-windows-x86_64-gcc10-UCRT 0.4-1 ERROR
r-patched-linux-x86_64 0.4-1 55.83 79.27 135.10 OK
r-patched-solaris-x86 0.4-1 213.80 OK
r-release-linux-x86_64 0.4-1 49.92 78.84 128.76 OK
r-release-macos-arm64 0.4-1 OK
r-release-macos-x86_64 0.4-1 OK
r-release-windows-ix86+x86_64 0.4-1 144.00 120.00 264.00 OK
r-oldrel-macos-x86_64 0.4-1 OK
r-oldrel-windows-ix86+x86_64 0.4-1 151.00 110.00 261.00 OK

Check Details

Version: 0.4-1
Check: whether package can be installed
Result: ERROR
    Installation failed.
Flavor: r-devel-windows-x86_64-gcc10-UCRT