CRAN Package Check Results for Package pooling

Last updated on 2021-10-17 10:49:24 CEST.

Flavor Version Tinstall Tcheck Ttotal Status Flags
r-devel-linux-x86_64-debian-clang 1.1.2 18.15 141.79 159.94 OK
r-devel-linux-x86_64-debian-gcc 1.1.2 13.74 105.27 119.01 OK
r-devel-linux-x86_64-fedora-clang 1.1.2 196.85 ERROR
r-devel-linux-x86_64-fedora-gcc 1.1.2 186.39 OK
r-devel-windows-x86_64 1.1.2 28.00 170.00 198.00 OK
r-devel-windows-x86_64-gcc10-UCRT 1.1.2 OK
r-patched-linux-x86_64 1.1.2 21.57 136.44 158.01 OK
r-patched-solaris-x86 1.1.2 257.90 OK
r-release-linux-x86_64 1.1.2 17.74 135.03 152.77 OK
r-release-macos-arm64 1.1.2 OK
r-release-macos-x86_64 1.1.2 OK
r-release-windows-ix86+x86_64 1.1.2 39.00 167.00 206.00 OK
r-oldrel-macos-x86_64 1.1.2 OK
r-oldrel-windows-ix86+x86_64 1.1.2 37.00 172.00 209.00 OK

Check Details

Version: 1.1.2
Check: examples
Result: ERROR
    Running examples in ‘pooling-Ex.R’ failed
    The error most likely occurred in:
    
    > ### Name: poolcost_t
    > ### Title: Visualize Total Costs for Pooling Design as a Function of Pool
    > ### Size
    > ### Aliases: poolcost_t
    >
    > ### ** Examples
    >
    > # Plot total study costs vs. pool size for d = 0.25, sigsq = 1, and costs of
    > # $100 per assay and $0 in other per-subject costs.
    > poolcost_t(d = 0.25, sigsq = 1)
    
     *** caught segfault ***
    address 0x35, cause 'memory not mapped'
    
    Traceback:
     1: grid.Call.graphics(C_text, as.graphicsAnnot(x$label), x$x, x$y, resolveHJust(x$just, x$hjust), resolveVJust(x$just, x$vjust), x$rot, x$check.overlap)
     2: drawDetails.text(x, recording = FALSE)
     3: drawDetails(x, recording = FALSE)
     4: drawGrob(x)
     5: recordGraphics(drawGrob(x), list(x = x), getNamespace("grid"))
     6: grid.draw.grob(x$children[[i]], recording = FALSE)
     7: grid.draw(x$children[[i]], recording = FALSE)
     8: drawGTree(x)
     9: recordGraphics(drawGTree(x), list(x = x), getNamespace("grid"))
    10: grid.draw.gTree(x$children[[i]], recording = FALSE)
    11: grid.draw(x$children[[i]], recording = FALSE)
    12: drawGTree(x)
    13: recordGraphics(drawGTree(x), list(x = x), getNamespace("grid"))
    14: grid.draw.gTree(x$children[[i]], recording = FALSE)
    15: grid.draw(x$children[[i]], recording = FALSE)
    16: drawGTree(x)
    17: recordGraphics(drawGTree(x), list(x = x), getNamespace("grid"))
    18: grid.draw.gTree(gtable)
    19: grid.draw(gtable)
    20: print.ggplot(x)
    21: (function (x, ...) UseMethod("print"))(x)
    An irrecoverable exception occurred. R is aborting now ...
Flavor: r-devel-linux-x86_64-fedora-clang