CRAN Package Check Results for Package popsom

Last updated on 2021-12-02 15:52:48 CET.

Flavor Version Tinstall Tcheck Ttotal Status Flags
r-devel-linux-x86_64-debian-clang 5.2 9.95 80.41 90.36 OK
r-devel-linux-x86_64-debian-gcc 5.2 6.91 60.44 67.35 OK
r-devel-linux-x86_64-fedora-clang 5.2 114.96 OK
r-devel-linux-x86_64-fedora-gcc 5.2 95.29 ERROR
r-devel-windows-x86_64-new-UL 5.2 20.00 130.00 150.00 OK
r-devel-windows-x86_64-new-TK 5.2 OK
r-devel-windows-x86_64-old 5.2 16.00 79.00 95.00 OK
r-patched-linux-x86_64 5.2 8.74 74.90 83.64 OK
r-patched-solaris-x86 5.2 143.70 OK
r-release-linux-x86_64 5.2 7.30 75.71 83.01 OK
r-release-macos-arm64 5.2 OK
r-release-macos-x86_64 5.2 OK
r-release-windows-ix86+x86_64 5.2 23.00 143.00 166.00 OK
r-oldrel-macos-x86_64 5.2 OK
r-oldrel-windows-ix86+x86_64 5.2 23.00 141.00 164.00 OK

Check Details

Version: 5.2
Check: examples
Result: ERROR
    Running examples in ‘popsom-Ex.R’ failed
    The error most likely occurred in:
    
    > ### Name: fitted
    > ### Title: Fit Observations
    > ### Aliases: fitted
    >
    > ### ** Examples
    >
    > data(iris)
    >
    > df <- subset(iris,select=-Species)
    > labels <- subset(iris,select=Species)
    >
    > m <- map(df,labels,xdim=15,ydim=10,train=10000)
    Error in centroids[[ix, iy]] : subscript out of bounds
    Calls: map -> majority.labels
    Execution halted
Flavor: r-devel-linux-x86_64-fedora-gcc