Last updated on 2023-09-28 10:56:52 CEST.
Flavor | Version | Tinstall | Tcheck | Ttotal | Status | Flags |
---|---|---|---|---|---|---|
r-devel-linux-x86_64-debian-clang | 0.4.1 | 8.21 | 170.06 | 178.27 | OK | |
r-devel-linux-x86_64-debian-gcc | 0.4.1 | 6.87 | 126.85 | 133.72 | OK | |
r-devel-linux-x86_64-fedora-clang | 0.4.1 | 221.22 | OK | |||
r-devel-linux-x86_64-fedora-gcc | 0.4.1 | 246.37 | OK | |||
r-devel-windows-x86_64 | 0.4.1 | 10.00 | 153.00 | 163.00 | OK | |
r-patched-linux-x86_64 | 0.4.1 | 8.31 | 161.27 | 169.58 | OK | |
r-release-linux-x86_64 | 0.4.1 | 9.84 | 159.62 | 169.46 | OK | |
r-release-macos-arm64 | 0.4.1 | 74.00 | OK | |||
r-release-macos-x86_64 | 0.4.1 | 139.00 | OK | |||
r-release-windows-x86_64 | 0.4.1 | 13.00 | 189.00 | 202.00 | OK | |
r-oldrel-macos-arm64 | 0.4.1 | 71.00 | OK | |||
r-oldrel-macos-x86_64 | 0.4.1 | 109.00 | NOTE | |||
r-oldrel-windows-x86_64 | 0.4.1 | 14.00 | 190.00 | 204.00 | OK |
Version: 0.4.1
Check: package dependencies
Result: NOTE
Package suggested but not available for checking: ‘readtext’
Flavor: r-oldrel-macos-x86_64