CRAN Package Check Results for Package postpack

Last updated on 2021-10-28 13:58:20 CEST.

Flavor Version Tinstall Tcheck Ttotal Status Flags
r-devel-linux-x86_64-debian-clang 0.5.3 3.30 35.51 38.81 OK
r-devel-linux-x86_64-debian-gcc 0.5.3 2.77 27.94 30.71 OK
r-devel-linux-x86_64-fedora-clang 0.5.3 58.38 NOTE
r-devel-linux-x86_64-fedora-gcc 0.5.3 47.53 OK
r-devel-windows-x86_64 0.5.3 6.00 47.00 53.00 OK
r-devel-windows-x86_64-gcc10-UCRT 0.5.3 OK
r-patched-linux-x86_64 0.5.3 3.94 36.44 40.38 OK
r-patched-solaris-x86 0.5.3 65.70 OK
r-release-linux-x86_64 0.5.3 2.97 36.27 39.24 OK
r-release-macos-arm64 0.5.3 NOTE
r-release-macos-x86_64 0.5.3 OK
r-release-windows-ix86+x86_64 0.5.3 7.00 61.00 68.00 OK
r-oldrel-macos-x86_64 0.5.3 OK
r-oldrel-windows-ix86+x86_64 0.5.3 5.00 66.00 71.00 OK

Check Details

Version: 0.5.3
Check: Rd cross-references
Result: NOTE
    Undeclared packages ‘rstan’, ‘R2WinBUGS’, ‘R2jags’, ‘R2OpenBUGS’, ‘nimble’, ‘rjags’, ‘jagsUI’ in Rd xrefs
Flavor: r-devel-linux-x86_64-fedora-clang

Version: 0.5.3
Check: Rd cross-references
Result: NOTE
    Packages unavailable to check Rd xrefs: ‘R2jags’, ‘rjags’, ‘jagsUI’
Flavor: r-release-macos-arm64