CRAN Package Check Results for Package powerbydesign

Last updated on 2021-12-02 21:52:06 CET.

Flavor Version Tinstall Tcheck Ttotal Status Flags
r-devel-linux-x86_64-debian-clang 1.0.5 2.33 26.96 29.29 NOTE
r-devel-linux-x86_64-debian-gcc 1.0.5 1.92 21.01 22.93 NOTE
r-devel-linux-x86_64-fedora-clang 1.0.5 47.29 NOTE
r-devel-linux-x86_64-fedora-gcc 1.0.5 35.96 NOTE
r-devel-windows-x86_64-new-UL 1.0.5 7.00 66.00 73.00 NOTE
r-devel-windows-x86_64-new-TK 1.0.5 NOTE
r-devel-windows-x86_64-old 1.0.5 5.00 35.00 40.00 NOTE
r-patched-linux-x86_64 1.0.5 2.23 25.74 27.97 NOTE
r-patched-solaris-x86 1.0.5 54.40 NOTE
r-release-linux-x86_64 1.0.5 2.50 25.49 27.99 NOTE
r-release-macos-arm64 1.0.5 NOTE
r-release-macos-x86_64 1.0.5 NOTE
r-release-windows-ix86+x86_64 1.0.5 6.00 46.00 52.00 NOTE
r-oldrel-macos-x86_64 1.0.5 OK
r-oldrel-windows-ix86+x86_64 1.0.5 6.00 45.00 51.00 OK

Check Details

Version: 1.0.5
Check: LazyData
Result: NOTE
     'LazyData' is specified without a 'data' directory
Flavors: r-devel-linux-x86_64-debian-clang, r-devel-linux-x86_64-debian-gcc, r-devel-linux-x86_64-fedora-clang, r-devel-linux-x86_64-fedora-gcc, r-devel-windows-x86_64-new-UL, r-devel-windows-x86_64-new-TK, r-devel-windows-x86_64-old, r-patched-linux-x86_64, r-patched-solaris-x86, r-release-linux-x86_64, r-release-macos-arm64, r-release-macos-x86_64, r-release-windows-ix86+x86_64