Last updated on 2023-12-02 15:50:05 CET.
Flavor | Version | Tinstall | Tcheck | Ttotal | Status | Flags |
---|---|---|---|---|---|---|
r-devel-linux-x86_64-debian-clang | 1.1.0 | 10.69 | 199.19 | 209.88 | NOTE | |
r-devel-linux-x86_64-debian-gcc | 1.1.0 | 7.75 | 136.43 | 144.18 | NOTE | |
r-devel-linux-x86_64-fedora-clang | 1.1.0 | 242.73 | NOTE | |||
r-devel-linux-x86_64-fedora-gcc | 1.1.0 | 254.31 | NOTE | |||
r-devel-windows-x86_64 | 1.1.0 | 9.00 | 156.00 | 165.00 | NOTE | |
r-patched-linux-x86_64 | 1.1.0 | 8.52 | 188.11 | 196.63 | NOTE | |
r-release-linux-x86_64 | 1.1.0 | 9.60 | 186.90 | 196.50 | NOTE | |
r-release-macos-arm64 | 1.1.0 | 72.00 | NOTE | |||
r-release-macos-x86_64 | 1.1.0 | 118.00 | NOTE | |||
r-release-windows-x86_64 | 1.1.0 | 12.00 | 193.00 | 205.00 | NOTE | |
r-oldrel-macos-arm64 | 1.1.0 | 62.00 | OK | |||
r-oldrel-macos-x86_64 | 1.1.0 | 84.00 | OK | |||
r-oldrel-windows-x86_64 | 1.1.0 | 13.00 | 199.00 | 212.00 | NOTE |
Version: 1.1.0
Check: Rd files
Result: NOTE
checkRd: (-1) ppclust-package.Rd:84: Lost braces
84 | Cebeci, Z. (2018). Initialization of membership degree matrix for fast convergence of Fuzzy C-Means clustering, in Proc. of \emph{2018 Int.Conf.on Artificial Intelligence & Data Processing}, pp. 1-5. IEEE. doi: \emph{https://doi.org/10.1109/IDAP.2018.8620920}{10.1109/IDAP.2018.8620920}
| ^
Flavors: r-devel-linux-x86_64-debian-clang, r-devel-linux-x86_64-debian-gcc
Version: 1.1.0
Check: Rd cross-references
Result: NOTE
Unknown package ‘advclust’ in Rd xrefs
Flavors: r-devel-linux-x86_64-debian-clang, r-devel-linux-x86_64-debian-gcc, r-devel-linux-x86_64-fedora-gcc, r-devel-windows-x86_64, r-patched-linux-x86_64, r-release-linux-x86_64, r-release-macos-arm64, r-release-macos-x86_64, r-release-windows-x86_64, r-oldrel-windows-x86_64
Version: 1.1.0
Check: Rd cross-references
Result: NOTE
Undeclared package ‘advclust’ in Rd xrefs
Unknown package ‘advclust’ in Rd xrefs
Flavor: r-devel-linux-x86_64-fedora-clang