Last updated on 2025-01-22 09:49:44 CET.
Flavor | Version | Tinstall | Tcheck | Ttotal | Status | Flags |
---|---|---|---|---|---|---|
r-devel-linux-x86_64-debian-clang | 1.3 | 30.49 | 83.51 | 114.00 | NOTE | |
r-devel-linux-x86_64-debian-gcc | 1.3 | 22.32 | 55.33 | 77.65 | NOTE | |
r-devel-linux-x86_64-fedora-clang | 1.3 | 198.16 | OK | |||
r-devel-linux-x86_64-fedora-gcc | 1.3 | 200.47 | OK | |||
r-devel-windows-x86_64 | 1.3 | 33.00 | 103.00 | 136.00 | NOTE | |
r-patched-linux-x86_64 | 1.3 | 36.15 | 74.39 | 110.54 | OK | |
r-release-linux-x86_64 | 1.3 | 31.78 | 74.45 | 106.23 | OK | |
r-release-macos-arm64 | 1.3 | 57.00 | OK | |||
r-release-macos-x86_64 | 1.3 | 81.00 | NOTE | |||
r-release-windows-x86_64 | 1.3 | 34.00 | 107.00 | 141.00 | OK | |
r-oldrel-macos-arm64 | 1.3 | 61.00 | OK | |||
r-oldrel-macos-x86_64 | 1.3 | 182.00 | NOTE | |||
r-oldrel-windows-x86_64 | 1.3 | 37.00 | 127.00 | 164.00 | OK |
Version: 1.3
Check: Rd cross-references
Result: NOTE
Found the following Rd file(s) with Rd \link{} targets missing package
anchors:
plot.ppgmmga.Rd: ggplot
ppgmmga.Rd: densityMclust, ga, gaisl
ppgmmga.options.Rd: ga_Selection, ga_Crossover, ga_Mutation
Please provide package anchors for all Rd \link{} targets not in the
package itself and the base packages.
Flavors: r-devel-linux-x86_64-debian-clang, r-devel-linux-x86_64-debian-gcc, r-devel-windows-x86_64
Version: 1.3
Check: installed package size
Result: NOTE
installed size is 5.0Mb
sub-directories of 1Mb or more:
libs 3.3Mb
Flavors: r-release-macos-x86_64, r-oldrel-macos-x86_64