CRAN Package Check Results for Package precrec

Last updated on 2021-09-22 10:51:49 CEST.

Flavor Version Tinstall Tcheck Ttotal Status Flags
r-devel-linux-x86_64-debian-clang 0.12.7 53.39 167.58 220.97 OK
r-devel-linux-x86_64-debian-gcc 0.12.7 37.74 121.85 159.59 OK
r-devel-linux-x86_64-fedora-clang 0.12.7 275.69 OK
r-devel-linux-x86_64-fedora-gcc 0.12.7 255.99 OK
r-devel-windows-x86_64 0.12.7 48.00 148.00 196.00 OK
r-devel-windows-x86_64-gcc10-UCRT 0.12.7 ERROR
r-patched-linux-x86_64 0.12.7 43.61 152.59 196.20 OK
r-patched-solaris-x86 0.12.7 310.30 OK
r-release-linux-x86_64 0.12.7 43.01 154.73 197.74 OK
r-release-macos-arm64 0.12.7 NOTE
r-release-macos-x86_64 0.12.7 OK
r-release-windows-ix86+x86_64 0.12.7 113.00 200.00 313.00 OK
r-oldrel-macos-x86_64 0.12.7 OK
r-oldrel-windows-ix86+x86_64 0.12.7 83.00 201.00 284.00 OK

Check Details

Version: 0.12.7
Check: whether package can be installed
Result: ERROR
    Installation failed.
Flavor: r-devel-windows-x86_64-gcc10-UCRT

Version: 0.12.7
Check: installed package size
Result: NOTE
     installed size is 5.2Mb
     sub-directories of 1Mb or more:
     libs 3.4Mb
Flavor: r-release-macos-arm64