CRAN Package Check Results for Package prettycode

Last updated on 2024-04-23 10:54:12 CEST.

Flavor Version Tinstall Tcheck Ttotal Status Flags
r-devel-linux-x86_64-debian-clang 1.1.0 2.69 27.30 29.99 NOTE
r-devel-linux-x86_64-debian-gcc 1.1.0 2.06 20.97 23.03 NOTE
r-devel-linux-x86_64-fedora-clang 1.1.0 37.26 NOTE
r-devel-linux-x86_64-fedora-gcc 1.1.0 34.99 NOTE
r-prerel-macos-arm64 1.1.0 15.00 NOTE
r-prerel-windows-x86_64 1.1.0 3.00 43.00 46.00 NOTE
r-patched-linux-x86_64 1.1.0 2.77 25.63 28.40 NOTE
r-release-linux-x86_64 1.1.0 2.56 26.17 28.73 NOTE
r-release-macos-arm64 1.1.0 17.00 NOTE
r-release-macos-x86_64 1.1.0 22.00 NOTE
r-release-windows-x86_64 1.1.0 3.00 43.00 46.00 NOTE
r-oldrel-macos-arm64 1.1.0 17.00 NOTE
r-oldrel-windows-x86_64 1.1.0 4.00 47.00 51.00 NOTE

Check Details

Version: 1.1.0
Check: LazyData
Result: NOTE 'LazyData' is specified without a 'data' directory Flavors: r-devel-linux-x86_64-debian-clang, r-devel-linux-x86_64-debian-gcc, r-devel-linux-x86_64-fedora-clang, r-devel-linux-x86_64-fedora-gcc, r-prerel-macos-arm64, r-prerel-windows-x86_64, r-patched-linux-x86_64, r-release-linux-x86_64, r-release-macos-arm64, r-release-macos-x86_64, r-release-windows-x86_64, r-oldrel-macos-arm64, r-oldrel-windows-x86_64