CRAN Package Check Results for Package prettydoc

Last updated on 2021-10-24 22:50:30 CEST.

Flavor Version Tinstall Tcheck Ttotal Status Flags
r-devel-linux-x86_64-debian-clang 0.4.1 2.67 32.92 35.59 NOTE
r-devel-linux-x86_64-debian-gcc 0.4.1 2.02 26.16 28.18 NOTE
r-devel-linux-x86_64-fedora-clang 0.4.1 53.35 NOTE
r-devel-linux-x86_64-fedora-gcc 0.4.1 43.83 NOTE
r-devel-windows-x86_64 0.4.1 7.00 48.00 55.00 NOTE
r-devel-windows-x86_64-gcc10-UCRT 0.4.1 NOTE
r-patched-linux-x86_64 0.4.1 2.82 34.34 37.16 NOTE
r-patched-solaris-x86 0.4.1 67.40 NOTE
r-release-linux-x86_64 0.4.1 2.52 34.06 36.58 NOTE
r-release-macos-arm64 0.4.1 NOTE
r-release-macos-x86_64 0.4.1 NOTE
r-release-windows-ix86+x86_64 0.4.1 5.00 59.00 64.00 NOTE
r-oldrel-macos-x86_64 0.4.1 OK
r-oldrel-windows-ix86+x86_64 0.4.1 8.00 56.00 64.00 OK

Check Details

Version: 0.4.1
Check: LazyData
Result: NOTE
     'LazyData' is specified without a 'data' directory
Flavors: r-devel-linux-x86_64-debian-clang, r-devel-linux-x86_64-debian-gcc, r-devel-linux-x86_64-fedora-clang, r-devel-linux-x86_64-fedora-gcc, r-devel-windows-x86_64, r-devel-windows-x86_64-gcc10-UCRT, r-patched-linux-x86_64, r-patched-solaris-x86, r-release-linux-x86_64, r-release-macos-arm64, r-release-macos-x86_64, r-release-windows-ix86+x86_64