CRAN Package Check Results for Package prettydoc

Last updated on 2023-06-08 04:54:59 CEST.

Flavor Version Tinstall Tcheck Ttotal Status Flags
r-devel-linux-x86_64-debian-clang 0.4.1 2.74 42.26 45.00 NOTE
r-devel-linux-x86_64-debian-gcc 0.4.1 2.70 33.40 36.10 NOTE
r-devel-linux-x86_64-fedora-clang 0.4.1 57.85 NOTE
r-devel-linux-x86_64-fedora-gcc 0.4.1 67.00 NOTE
r-devel-windows-x86_64 0.4.1 6.00 63.00 69.00 NOTE
r-patched-linux-x86_64 0.4.1 3.33 41.91 45.24 NOTE
r-release-linux-x86_64 0.4.1 3.18 41.26 44.44 NOTE
r-release-macos-arm64 0.4.1 36.00 NOTE
r-release-macos-x86_64 0.4.1 47.00 NOTE
r-release-windows-x86_64 0.4.1 6.00 61.00 67.00 NOTE
r-oldrel-macos-arm64 0.4.1 22.00 NOTE
r-oldrel-macos-x86_64 0.4.1 35.00 NOTE
r-oldrel-windows-x86_64 0.4.1 6.00 67.00 73.00 NOTE

Check Details

Version: 0.4.1
Check: LazyData
Result: NOTE
     'LazyData' is specified without a 'data' directory
Flavors: r-devel-linux-x86_64-debian-clang, r-devel-linux-x86_64-debian-gcc, r-devel-linux-x86_64-fedora-clang, r-devel-linux-x86_64-fedora-gcc, r-devel-windows-x86_64, r-patched-linux-x86_64, r-release-linux-x86_64, r-release-macos-arm64, r-release-macos-x86_64, r-release-windows-x86_64, r-oldrel-macos-arm64, r-oldrel-macos-x86_64, r-oldrel-windows-x86_64