CRAN Package Check Results for Package prioGene

Last updated on 2021-09-18 22:53:11 CEST.

Flavor Version Tinstall Tcheck Ttotal Status Flags
r-devel-linux-x86_64-debian-clang 1.0.1 21.39 196.20 217.59 OK
r-devel-linux-x86_64-debian-gcc 1.0.1 20.80 148.40 169.20 OK
r-devel-linux-x86_64-fedora-clang 1.0.1 274.08 OK
r-devel-linux-x86_64-fedora-gcc 1.0.1 257.49 OK
r-devel-windows-x86_64 1.0.1 26.00 222.00 248.00 OK
r-devel-windows-x86_64-gcc10-UCRT 1.0.1 OK
r-patched-linux-x86_64 1.0.1 21.06 192.09 213.15 OK
r-patched-solaris-x86 1.0.1 381.20 OK
r-release-linux-x86_64 1.0.1 20.13 194.72 214.85 OK
r-release-macos-arm64 1.0.1 OK
r-release-macos-x86_64 1.0.1 ERROR
r-release-windows-ix86+x86_64 1.0.1 7.00 6.00 13.00 ERROR
r-oldrel-macos-x86_64 1.0.1 OK
r-oldrel-windows-ix86+x86_64 1.0.1 38.00 135.00 173.00 OK

Check Details

Version: 1.0.1
Check: package dependencies
Result: ERROR
    Package required but not available: ‘org.Hs.eg.db’
    
    See section ‘The DESCRIPTION file’ in the ‘Writing R Extensions’
    manual.
Flavor: r-release-macos-x86_64

Version: 1.0.1
Check: whether package can be installed
Result: ERROR
    Installation failed.
Flavor: r-release-windows-ix86+x86_64