CRAN Package Check Results for Package prioritizr

Last updated on 2024-07-24 04:49:57 CEST.

Flavor Version Tinstall Tcheck Ttotal Status Flags
r-devel-linux-x86_64-debian-clang 8.0.4 478.98 513.49 992.47 NOTE
r-devel-linux-x86_64-debian-gcc 8.0.4 312.41 364.77 677.18 NOTE
r-devel-linux-x86_64-fedora-clang 8.0.4 1438.32 NOTE
r-devel-linux-x86_64-fedora-gcc 8.0.4 1392.51 NOTE
r-devel-windows-x86_64 8.0.4 381.00 386.00 767.00 NOTE
r-patched-linux-x86_64 8.0.4 495.78 468.23 964.01 NOTE
r-release-linux-x86_64 8.0.4 418.12 486.21 904.33 NOTE
r-release-macos-arm64 8.0.4 306.00 NOTE
r-release-macos-x86_64 8.0.4 584.00 NOTE
r-release-windows-x86_64 8.0.4 448.00 385.00 833.00 NOTE
r-oldrel-macos-arm64 8.0.4 328.00 NOTE
r-oldrel-macos-x86_64 8.0.4 494.00 NOTE
r-oldrel-windows-x86_64 8.0.4 444.00 496.00 940.00 NOTE

Check Details

Version: 8.0.4
Check: package dependencies
Result: NOTE Packages suggested but not available for checking: 'gurobi', 'rcbc', 'cplexAPI' Flavors: r-devel-linux-x86_64-debian-clang, r-devel-linux-x86_64-debian-gcc, r-devel-linux-x86_64-fedora-clang, r-devel-linux-x86_64-fedora-gcc, r-devel-windows-x86_64, r-patched-linux-x86_64, r-release-linux-x86_64, r-release-macos-arm64, r-release-macos-x86_64, r-release-windows-x86_64, r-oldrel-macos-arm64, r-oldrel-macos-x86_64, r-oldrel-windows-x86_64

Version: 8.0.4
Check: Rd cross-references
Result: NOTE Found the following Rd file(s) with Rd \link{} targets missing package anchors: OptimizationProblem-methods.Rd: dgCMatrix-class adjacency_matrix.Rd: dsCMatrix-class boundary_matrix.Rd: dsCMatrix-class branch_matrix.Rd: dgCMatrix-class connectivity_matrix.Rd: dsCMatrix-class marxan_boundary_data_to_matrix.Rd: dgCMatrix-class marxan_connectivity_data_to_matrix.Rd: dgCMatrix-class problem.Rd: dgCMatrix-class proximity_matrix.Rd: dsCMatrix-class rescale_matrix.Rd: Matrix-class rij_matrix.Rd: dgCMatrix-class Please provide package anchors for all Rd \link{} targets not in the package itself and the base packages. Flavors: r-devel-linux-x86_64-debian-gcc, r-devel-windows-x86_64

Version: 8.0.4
Check: installed package size
Result: NOTE installed size is 8.9Mb sub-directories of 1Mb or more: R 1.3Mb doc 4.7Mb Flavors: r-devel-linux-x86_64-fedora-clang, r-devel-windows-x86_64, r-release-macos-arm64, r-release-macos-x86_64, r-release-windows-x86_64, r-oldrel-macos-arm64, r-oldrel-macos-x86_64, r-oldrel-windows-x86_64