CRAN Package Check Results for Package prisonbrief

Last updated on 2021-09-27 16:50:25 CEST.

Flavor Version Tinstall Tcheck Ttotal Status Flags
r-devel-linux-x86_64-debian-clang 0.1.2 7.43 63.99 71.42 OK
r-devel-linux-x86_64-debian-gcc 0.1.2 6.41 48.28 54.69 OK
r-devel-linux-x86_64-fedora-clang 0.1.2 96.21 NOTE
r-devel-linux-x86_64-fedora-gcc 0.1.2 96.05 NOTE
r-devel-windows-x86_64 0.1.2 10.00 62.00 72.00 OK
r-devel-windows-x86_64-gcc10-UCRT 0.1.2 NOTE
r-patched-linux-x86_64 0.1.2 8.06 60.34 68.40 OK
r-patched-solaris-x86 0.1.2 134.70 NOTE
r-release-linux-x86_64 0.1.2 6.81 60.41 67.22 OK
r-release-macos-arm64 0.1.2 NOTE
r-release-macos-x86_64 0.1.2 NOTE
r-release-windows-ix86+x86_64 0.1.2 17.00 61.00 78.00 OK
r-oldrel-macos-x86_64 0.1.2 NOTE
r-oldrel-windows-ix86+x86_64 0.1.2 15.00 64.00 79.00 OK

Check Details

Version: 0.1.2
Check: data for non-ASCII characters
Result: NOTE
     Note: found 2 marked UTF-8 strings
Flavors: r-devel-linux-x86_64-fedora-clang, r-devel-linux-x86_64-fedora-gcc, r-devel-windows-x86_64-gcc10-UCRT, r-patched-solaris-x86, r-release-macos-arm64, r-release-macos-x86_64, r-oldrel-macos-x86_64