CRAN Package Check Results for Package processmapR

Last updated on 2021-09-19 16:49:16 CEST.

Flavor Version Tinstall Tcheck Ttotal Status Flags
r-devel-linux-x86_64-debian-clang 0.3.4 31.06 83.83 114.89 NOTE
r-devel-linux-x86_64-debian-gcc 0.3.4 18.84 62.21 81.05 NOTE
r-devel-linux-x86_64-fedora-clang 0.3.4 145.65 NOTE
r-devel-linux-x86_64-fedora-gcc 0.3.4 130.98 NOTE
r-devel-windows-x86_64 0.3.4 30.00 115.00 145.00 NOTE
r-devel-windows-x86_64-gcc10-UCRT 0.3.4 ERROR
r-patched-linux-x86_64 0.3.4 23.93 77.26 101.19 NOTE
r-patched-solaris-x86 0.3.4 168.80 NOTE
r-release-linux-x86_64 0.3.4 25.56 77.58 103.14 NOTE
r-release-macos-arm64 0.3.4 NOTE
r-release-macos-x86_64 0.3.4 NOTE
r-release-windows-ix86+x86_64 0.3.4 68.00 111.00 179.00 NOTE
r-oldrel-macos-x86_64 0.3.4 OK
r-oldrel-windows-ix86+x86_64 0.3.4 67.00 113.00 180.00 OK

Check Details

Version: 0.3.4
Check: LazyData
Result: NOTE
     'LazyData' is specified without a 'data' directory
Flavors: r-devel-linux-x86_64-debian-clang, r-devel-linux-x86_64-debian-gcc, r-devel-linux-x86_64-fedora-clang, r-devel-linux-x86_64-fedora-gcc, r-devel-windows-x86_64, r-patched-linux-x86_64, r-patched-solaris-x86, r-release-linux-x86_64, r-release-macos-arm64, r-release-macos-x86_64, r-release-windows-ix86+x86_64

Version: 0.3.4
Check: package dependencies
Result: NOTE
    Imports includes 21 non-default packages.
    Importing from so many packages makes the package vulnerable to any of
    them becoming unavailable. Move as many as possible to Suggests and
    use conditionally.
Flavor: r-devel-linux-x86_64-fedora-clang

Version: 0.3.4
Check: whether package can be installed
Result: ERROR
    Installation failed.
Flavor: r-devel-windows-x86_64-gcc10-UCRT