CRAN Package Check Results for Package processmonitR

Last updated on 2021-10-28 16:50:33 CEST.

Flavor Version Tinstall Tcheck Ttotal Status Flags
r-devel-linux-x86_64-debian-clang 0.1.0 7.83 66.29 74.12 NOTE
r-devel-linux-x86_64-debian-gcc 0.1.0 6.74 50.22 56.96 NOTE
r-devel-linux-x86_64-fedora-clang 0.1.0 98.79 NOTE
r-devel-linux-x86_64-fedora-gcc 0.1.0 86.67 NOTE
r-devel-windows-x86_64 0.1.0 12.00 66.00 78.00 NOTE
r-devel-windows-x86_64-gcc10-UCRT 0.1.0 NOTE
r-patched-linux-x86_64 0.1.0 7.44 62.86 70.30 NOTE
r-patched-solaris-x86 0.1.0 126.40 NOTE
r-release-linux-x86_64 0.1.0 6.30 62.43 68.73 NOTE
r-release-macos-arm64 0.1.0 NOTE
r-release-macos-x86_64 0.1.0 NOTE
r-release-windows-ix86+x86_64 0.1.0 15.00 89.00 104.00 NOTE
r-oldrel-macos-x86_64 0.1.0 OK
r-oldrel-windows-ix86+x86_64 0.1.0 14.00 87.00 101.00 OK

Check Details

Version: 0.1.0
Check: LazyData
Result: NOTE
     'LazyData' is specified without a 'data' directory
Flavors: r-devel-linux-x86_64-debian-clang, r-devel-linux-x86_64-debian-gcc, r-devel-linux-x86_64-fedora-clang, r-devel-linux-x86_64-fedora-gcc, r-devel-windows-x86_64, r-devel-windows-x86_64-gcc10-UCRT, r-patched-linux-x86_64, r-patched-solaris-x86, r-release-linux-x86_64, r-release-macos-arm64, r-release-macos-x86_64, r-release-windows-ix86+x86_64