Last updated on 2022-05-21 04:59:17 CEST.
Flavor | Version | Tinstall | Tcheck | Ttotal | Status | Flags |
---|---|---|---|---|---|---|
r-devel-linux-x86_64-debian-clang | 1.0.2 | 4.99 | 59.15 | 64.14 | NOTE | |
r-devel-linux-x86_64-debian-gcc | 1.0.2 | 3.82 | 43.41 | 47.23 | NOTE | |
r-devel-linux-x86_64-fedora-clang | 1.0.2 | 75.54 | NOTE | |||
r-devel-linux-x86_64-fedora-gcc | 1.0.2 | 76.01 | NOTE | |||
r-devel-windows-x86_64 | 1.0.2 | 19.00 | 73.00 | 92.00 | NOTE | |
r-patched-linux-x86_64 | 1.0.2 | 6.65 | 54.23 | 60.88 | NOTE | |
r-release-linux-x86_64 | 1.0.2 | 4.64 | 53.94 | 58.58 | NOTE | |
r-release-macos-arm64 | 1.0.2 | 22.00 | NOTE | |||
r-release-macos-x86_64 | 1.0.2 | 33.00 | NOTE | |||
r-release-windows-x86_64 | 1.0.2 | 18.00 | 75.00 | 93.00 | NOTE | |
r-oldrel-macos-arm64 | 1.0.2 | 26.00 | NOTE | |||
r-oldrel-macos-x86_64 | 1.0.2 | 39.00 | NOTE | |||
r-oldrel-windows-ix86+x86_64 | 1.0.2 | 12.00 | 65.00 | 77.00 | NOTE |
Version: 1.0.2
Check: LazyData
Result: NOTE
'LazyData' is specified without a 'data' directory
Flavors: r-devel-linux-x86_64-debian-clang, r-devel-linux-x86_64-debian-gcc, r-devel-linux-x86_64-fedora-clang, r-devel-linux-x86_64-fedora-gcc, r-devel-windows-x86_64, r-patched-linux-x86_64, r-release-linux-x86_64, r-release-macos-arm64, r-release-macos-x86_64, r-release-windows-x86_64, r-oldrel-macos-arm64, r-oldrel-macos-x86_64, r-oldrel-windows-ix86+x86_64