CRAN Package Check Results for Package projects

Last updated on 2021-09-26 07:50:17 CEST.

Flavor Version Tinstall Tcheck Ttotal Status Flags
r-devel-linux-x86_64-debian-clang 2.1.3 6.16 56.25 62.41 OK
r-devel-linux-x86_64-debian-gcc 2.1.3 4.59 41.15 45.74 OK
r-devel-linux-x86_64-fedora-clang 2.1.3 79.58 NOTE
r-devel-linux-x86_64-fedora-gcc 2.1.3 69.18 NOTE
r-devel-windows-x86_64 2.1.3 8.00 58.00 66.00 OK
r-devel-windows-x86_64-gcc10-UCRT 2.1.3 NOTE
r-patched-linux-x86_64 2.1.3 5.57 51.87 57.44 OK
r-patched-solaris-x86 2.1.3 96.10 NOTE
r-release-linux-x86_64 2.1.3 5.81 52.39 58.20 OK
r-release-macos-arm64 2.1.3 NOTE
r-release-macos-x86_64 2.1.3 NOTE
r-release-windows-ix86+x86_64 2.1.3 12.00 60.00 72.00 OK
r-oldrel-macos-x86_64 2.1.3 NOTE
r-oldrel-windows-ix86+x86_64 2.1.3 9.00 61.00 70.00 OK

Check Details

Version: 2.1.3
Check: dependencies in R code
Result: NOTE
    Namespace in Imports field not imported from: ‘methods’
     All declared Imports should be used.
Flavors: r-devel-linux-x86_64-fedora-clang, r-devel-linux-x86_64-fedora-gcc, r-devel-windows-x86_64-gcc10-UCRT, r-patched-solaris-x86, r-release-macos-arm64, r-release-macos-x86_64, r-oldrel-macos-x86_64