CRAN Package Check Results for Package protViz

Last updated on 2021-09-26 07:50:17 CEST.

Flavor Version Tinstall Tcheck Ttotal Status Flags
r-devel-linux-x86_64-debian-clang 0.6.8 56.01 101.49 157.50 OK
r-devel-linux-x86_64-debian-gcc 0.7.0 34.79 78.60 113.39 OK
r-devel-linux-x86_64-fedora-clang 0.7.0 208.52 NOTE
r-devel-linux-x86_64-fedora-gcc 0.7.0 188.06 OK
r-devel-windows-x86_64 0.6.8 54.00 111.00 165.00 OK
r-devel-windows-x86_64-gcc10-UCRT 0.6.8 OK
r-patched-linux-x86_64 0.6.8 44.11 102.07 146.18 OK
r-patched-solaris-x86 0.7.0 214.30 OK
r-release-linux-x86_64 0.7.0 41.88 100.63 142.51 OK
r-release-macos-arm64 0.6.8 NOTE
r-release-macos-x86_64 0.6.8 NOTE
r-release-windows-ix86+x86_64 0.6.8 122.00 133.00 255.00 NOTE
r-oldrel-macos-x86_64 0.6.8 NOTE
r-oldrel-windows-ix86+x86_64 0.6.8 128.00 140.00 268.00 NOTE

Check Details

Version: 0.7.0
Check: installed package size
Result: NOTE
     installed size is 5.9Mb
     sub-directories of 1Mb or more:
     data 2.1Mb
     libs 2.7Mb
Flavor: r-devel-linux-x86_64-fedora-clang

Version: 0.7.0
Check: Rd cross-references
Result: NOTE
    Undeclared package ‘XML’ in Rd xrefs
Flavor: r-devel-linux-x86_64-fedora-clang

Version: 0.6.8
Check: installed package size
Result: NOTE
     installed size is 7.1Mb
     sub-directories of 1Mb or more:
     data 2.1Mb
     libs 3.9Mb
Flavors: r-release-macos-arm64, r-release-macos-x86_64, r-release-windows-ix86+x86_64, r-oldrel-macos-x86_64, r-oldrel-windows-ix86+x86_64