CRAN Package Check Results for Package prototest

Last updated on 2021-09-27 19:50:29 CEST.

Flavor Version Tinstall Tcheck Ttotal Status Flags
r-devel-linux-x86_64-debian-clang 1.2 92.51 95.59 188.10 OK
r-devel-linux-x86_64-debian-gcc 1.2 56.77 72.90 129.67 OK
r-devel-linux-x86_64-fedora-clang 1.2 246.61 NOTE
r-devel-linux-x86_64-fedora-gcc 1.2 236.79 NOTE
r-devel-windows-x86_64 1.2 75.00 96.00 171.00 OK
r-devel-windows-x86_64-gcc10-UCRT 1.2 OK
r-patched-linux-x86_64 1.2 70.97 91.80 162.77 OK
r-patched-solaris-x86 1.2 235.70 OK
r-release-linux-x86_64 1.2 67.04 91.27 158.31 OK
r-release-macos-arm64 1.2 OK
r-release-macos-x86_64 1.2 OK
r-release-windows-ix86+x86_64 1.2 187.00 132.00 319.00 OK
r-oldrel-macos-x86_64 1.2 OK
r-oldrel-windows-ix86+x86_64 1.2 146.00 136.00 282.00 OK

Check Details

Version: 1.2
Check: compiled code
Result: NOTE
    File ‘prototest/libs/prototest.so’:
     Found no calls to: ‘R_registerRoutines’, ‘R_useDynamicSymbols’
    
    It is good practice to register native routines and to disable symbol
    search.
    
    See ‘Writing portable packages’ in the ‘Writing R Extensions’ manual.
Flavors: r-devel-linux-x86_64-fedora-clang, r-devel-linux-x86_64-fedora-gcc