CRAN Package Check Results for Package proustr

Last updated on 2021-09-23 13:54:59 CEST.

Flavor Version Tinstall Tcheck Ttotal Status Flags
r-devel-linux-x86_64-debian-clang 0.4.0 6.79 61.08 67.87 OK
r-devel-linux-x86_64-debian-gcc 0.4.0 6.06 46.00 52.06 OK
r-devel-linux-x86_64-fedora-clang 0.4.0 89.38 NOTE
r-devel-linux-x86_64-fedora-gcc 0.4.0 80.13 NOTE
r-devel-windows-x86_64 0.4.0 10.00 66.00 76.00 OK
r-devel-windows-x86_64-gcc10-UCRT 0.4.0 ERROR
r-patched-linux-x86_64 0.4.0 7.13 57.02 64.15 OK
r-patched-solaris-x86 0.4.0 125.10 NOTE
r-release-linux-x86_64 0.4.0 6.15 56.89 63.04 OK
r-release-macos-arm64 0.4.0 NOTE
r-release-macos-x86_64 0.4.0 NOTE
r-release-windows-ix86+x86_64 0.4.0 17.00 62.00 79.00 OK
r-oldrel-macos-x86_64 0.4.0 NOTE
r-oldrel-windows-ix86+x86_64 0.4.0 12.00 62.00 74.00 OK

Check Details

Version: 0.4.0
Check: data for non-ASCII characters
Result: NOTE
     Note: found 12717 marked UTF-8 strings
Flavors: r-devel-linux-x86_64-fedora-clang, r-devel-linux-x86_64-fedora-gcc, r-devel-windows-x86_64-gcc10-UCRT, r-patched-solaris-x86, r-release-macos-arm64, r-release-macos-x86_64, r-oldrel-macos-x86_64

Version: 0.4.0
Check: PDF version of manual
Result: WARN
    LaTeX errors when creating PDF version.
    This typically indicates Rd problems.
Flavor: r-devel-windows-x86_64-gcc10-UCRT

Version: 0.4.0
Check: PDF version of manual without hyperrefs or index
Result: ERROR
    Re-running with no redirection of stdout/stderr.
Flavor: r-devel-windows-x86_64-gcc10-UCRT