CRAN Package Check Results for Package prqlr

Last updated on 2024-02-24 09:50:37 CET.

Flavor Version Tinstall Tcheck Ttotal Status Flags
r-devel-linux-x86_64-debian-clang 0.8.0 823.29 42.96 866.25 OK
r-devel-linux-x86_64-debian-gcc 0.8.0 661.71 33.49 695.20 OK
r-devel-linux-x86_64-fedora-clang 0.8.0 951.50 NOTE
r-devel-linux-x86_64-fedora-gcc 0.8.0 878.70 OK
r-devel-windows-x86_64 0.8.0 410.00 177.00 587.00 NOTE
r-patched-linux-x86_64 0.8.0 834.74 41.68 876.42 OK
r-release-linux-x86_64 0.8.0 827.17 41.44 868.61 OK
r-release-macos-arm64 0.8.0 220.00 NOTE
r-release-macos-x86_64 0.8.0 255.00 NOTE
r-release-windows-x86_64 0.8.0 392.00 228.00 620.00 NOTE
r-oldrel-macos-arm64 0.8.0 217.00 NOTE
r-oldrel-windows-x86_64 0.8.0 539.00 213.00 752.00 WARN

Check Details

Version: 0.8.0
Check: installed package size
Result: NOTE installed size is 19.2Mb sub-directories of 1Mb or more: libs 18.9Mb Flavors: r-devel-linux-x86_64-fedora-clang, r-devel-windows-x86_64, r-release-macos-arm64, r-release-macos-x86_64, r-release-windows-x86_64, r-oldrel-macos-arm64, r-oldrel-windows-x86_64

Version: 0.8.0
Check: whether package can be installed
Result: WARN Found the following significant warnings: Warning: corrupt .drectve at end of def file Flavor: r-oldrel-windows-x86_64