CRAN Package Check Results for Package psgp

Last updated on 2021-09-24 19:49:48 CEST.

Flavor Version Tinstall Tcheck Ttotal Status Flags
r-devel-linux-x86_64-debian-clang 0.3-19 297.19 68.89 366.08 OK
r-devel-linux-x86_64-debian-gcc 0.3-19 181.30 52.75 234.05 OK
r-devel-linux-x86_64-fedora-clang 0.3-19 521.43 NOTE
r-devel-linux-x86_64-fedora-gcc 0.3-19 446.60 OK
r-devel-windows-x86_64 0.3-19 256.00 78.00 334.00 OK
r-devel-windows-x86_64-gcc10-UCRT 0.3-19 OK
r-patched-linux-x86_64 0.3-19 222.95 66.42 289.37 OK
r-patched-solaris-x86 0.3-19 428.10 OK
r-release-linux-x86_64 0.3-19 227.04 66.05 293.09 OK
r-release-macos-arm64 0.3-19 NOTE
r-release-macos-x86_64 0.3-19 NOTE
r-release-windows-ix86+x86_64 0.3-19 670.00 99.00 769.00 OK
r-oldrel-macos-x86_64 0.3-19 NOTE
r-oldrel-windows-ix86+x86_64 0.3-19 497.00 103.00 600.00 OK

Check Details

Version: 0.3-19
Check: installed package size
Result: NOTE
     installed size is 7.4Mb
     sub-directories of 1Mb or more:
     libs 7.2Mb
Flavors: r-devel-linux-x86_64-fedora-clang, r-release-macos-arm64, r-release-macos-x86_64, r-oldrel-macos-x86_64