CRAN Package Check Results for Package psychTools

Last updated on 2021-10-25 10:54:32 CEST.

Flavor Version Tinstall Tcheck Ttotal Status Flags
r-devel-linux-x86_64-debian-clang 2.1.8 6.31 231.41 237.72 OK
r-devel-linux-x86_64-debian-gcc 2.1.8 4.62 170.16 174.78 OK
r-devel-linux-x86_64-fedora-clang 2.1.8 297.14 OK
r-devel-linux-x86_64-fedora-gcc 2.1.8 286.07 OK
r-devel-windows-x86_64 2.1.8 9.00 210.00 219.00 OK
r-devel-windows-x86_64-gcc10-UCRT 2.1.8 OK
r-patched-linux-x86_64 2.1.8 9.01 227.10 236.11 OK
r-patched-solaris-x86 2.1.8 389.00 NOTE
r-release-linux-x86_64 2.1.8 5.33 228.22 233.55 OK
r-release-macos-arm64 2.1.8 OK
r-release-macos-x86_64 2.1.8 OK
r-release-windows-ix86+x86_64 2.1.8 8.00 293.00 301.00 OK
r-oldrel-macos-x86_64 2.1.8 OK
r-oldrel-windows-ix86+x86_64 2.1.8 13.00 295.00 308.00 OK

Check Details

Version: 2.1.8
Check: installed package size
Result: NOTE
     installed size is 5.4Mb
     sub-directories of 1Mb or more:
     data 1.1Mb
     doc 3.8Mb
Flavor: r-patched-solaris-x86