CRAN Package Check Results for Package psychmeta

Last updated on 2021-09-21 13:52:38 CEST.

Flavor Version Tinstall Tcheck Ttotal Status Flags
r-devel-linux-x86_64-debian-clang 2.6.0 55.69 397.55 453.24 OK
r-devel-linux-x86_64-debian-gcc 2.6.0 48.42 281.18 329.60 OK
r-devel-linux-x86_64-fedora-clang 2.6.0 525.16 NOTE
r-devel-linux-x86_64-fedora-gcc 2.6.0 523.17 NOTE
r-devel-windows-x86_64 2.6.0 68.00 311.00 379.00 OK
r-devel-windows-x86_64-gcc10-UCRT 2.6.0 ERROR
r-patched-linux-x86_64 2.6.0 57.42 373.14 430.56 OK
r-patched-solaris-x86 2.6.0 574.70 NOTE
r-release-linux-x86_64 2.6.0 45.56 376.08 421.64 OK
r-release-macos-arm64 2.6.0 NOTE
r-release-macos-x86_64 2.6.0 NOTE
r-release-windows-ix86+x86_64 2.6.0 90.00 288.00 378.00 OK
r-oldrel-macos-x86_64 2.6.0 NOTE
r-oldrel-windows-ix86+x86_64 2.6.0 91.00 306.00 397.00 OK

Check Details

Version: 2.6.0
Check: dependencies in R code
Result: NOTE
    Namespace in Imports field not imported from: ‘mathjaxr’
     All declared Imports should be used.
Flavors: r-devel-linux-x86_64-fedora-clang, r-devel-linux-x86_64-fedora-gcc, r-devel-windows-x86_64-gcc10-UCRT, r-patched-solaris-x86, r-release-macos-arm64, r-release-macos-x86_64, r-oldrel-macos-x86_64

Version: 2.6.0
Check: whether package can be installed
Result: WARN
    Found the following significant warnings:
     WARNING: installation-time patches will not be applied, could not get the patches index
Flavor: r-devel-windows-x86_64-gcc10-UCRT

Version: 2.6.0
Check: PDF version of manual
Result: WARN
    LaTeX errors when creating PDF version.
    This typically indicates Rd problems.
Flavor: r-devel-windows-x86_64-gcc10-UCRT

Version: 2.6.0
Check: PDF version of manual without hyperrefs or index
Result: ERROR
    Re-running with no redirection of stdout/stderr.
Flavor: r-devel-windows-x86_64-gcc10-UCRT