CRAN Package Check Results for Package psycho

Last updated on 2024-07-18 22:50:02 CEST.

Flavor Version Tinstall Tcheck Ttotal Status Flags
r-devel-linux-x86_64-debian-clang 0.6.1 4.44 74.07 78.51 NOTE
r-devel-linux-x86_64-debian-gcc 0.6.1 4.95 54.61 59.56 NOTE
r-devel-linux-x86_64-fedora-clang 0.6.1 109.75 NOTE
r-devel-linux-x86_64-fedora-gcc 0.6.1 118.26 NOTE
r-devel-windows-x86_64 0.6.1 8.00 90.00 98.00 NOTE --no-vignettes
r-patched-linux-x86_64 0.6.1 6.50 70.79 77.29 NOTE
r-release-linux-x86_64 0.6.1 6.09 69.28 75.37 NOTE
r-release-macos-arm64 0.6.1 41.00 NOTE
r-release-macos-x86_64 0.6.1 86.00 NOTE
r-release-windows-x86_64 0.6.1 7.00 96.00 103.00 NOTE --no-vignettes
r-oldrel-macos-arm64 0.6.1 43.00 OK
r-oldrel-macos-x86_64 0.6.1 66.00 OK
r-oldrel-windows-x86_64 0.6.1 9.00 90.00 99.00 OK --no-vignettes

Check Details

Version: 0.6.1
Check: Rd files
Result: NOTE checkRd: (-1) dprime.Rd:37: Lost braces in \itemize; \value handles \item{}{} directly checkRd: (-1) dprime.Rd:38: Lost braces in \itemize; \value handles \item{}{} directly checkRd: (-1) dprime.Rd:39: Lost braces in \itemize; \value handles \item{}{} directly checkRd: (-1) dprime.Rd:40: Lost braces in \itemize; \value handles \item{}{} directly checkRd: (-1) dprime.Rd:41: Lost braces in \itemize; \value handles \item{}{} directly Flavors: r-devel-linux-x86_64-debian-clang, r-devel-linux-x86_64-debian-gcc, r-devel-linux-x86_64-fedora-clang, r-devel-linux-x86_64-fedora-gcc, r-patched-linux-x86_64, r-release-linux-x86_64, r-release-macos-arm64, r-release-macos-x86_64

Version: 0.6.1
Flags: --no-vignettes
Check: Rd files
Result: NOTE checkRd: (-1) dprime.Rd:37: Lost braces in \itemize; \value handles \item{}{} directly checkRd: (-1) dprime.Rd:38: Lost braces in \itemize; \value handles \item{}{} directly checkRd: (-1) dprime.Rd:39: Lost braces in \itemize; \value handles \item{}{} directly checkRd: (-1) dprime.Rd:40: Lost braces in \itemize; \value handles \item{}{} directly checkRd: (-1) dprime.Rd:41: Lost braces in \itemize; \value handles \item{}{} directly Flavors: r-devel-windows-x86_64, r-release-windows-x86_64