CRAN Package Check Results for Package ptmixed

Last updated on 2021-11-27 15:50:50 CET.

Flavor Version Tinstall Tcheck Ttotal Status Flags
r-devel-linux-x86_64-debian-clang 1.1.0 OK
r-devel-linux-x86_64-debian-gcc 1.1.0 3.52 257.01 260.53 OK
r-devel-linux-x86_64-fedora-clang 1.1.0 422.43 OK
r-devel-linux-x86_64-fedora-gcc 1.1.0 416.50 OK
r-devel-windows-x86_64-new-UL 1.1.0 11.00 403.00 414.00 OK
r-devel-windows-x86_64-new-TK 1.1.0 OK
r-devel-windows-x86_64-old 1.1.0 7.00 428.00 435.00 OK
r-patched-linux-x86_64 1.1.0 3.93 324.23 328.16 OK
r-patched-solaris-x86 1.1.0 89.90 OK
r-release-linux-x86_64 1.1.0 OK
r-release-macos-arm64 1.1.0 ERROR
r-release-macos-x86_64 1.1.0 ERROR
r-release-windows-ix86+x86_64 1.1.0 10.00 295.00 305.00 OK
r-oldrel-macos-x86_64 1.1.0 ERROR
r-oldrel-windows-ix86+x86_64 1.1.0 8.00 312.00 320.00 OK

Check Details

Version: 1.1.0
Check: package dependencies
Result: ERROR
    Package required but not available: ‘tweeDEseq’
    
    See section ‘The DESCRIPTION file’ in the ‘Writing R Extensions’
    manual.
Flavors: r-release-macos-arm64, r-release-macos-x86_64, r-oldrel-macos-x86_64