CRAN Package Check Results for Package ptsuite

Last updated on 2021-09-25 04:57:46 CEST.

Flavor Version Tinstall Tcheck Ttotal Status Flags
r-devel-linux-x86_64-debian-clang 1.0.0 22.22 50.78 73.00 NOTE
r-devel-linux-x86_64-debian-gcc 1.0.0 14.29 40.56 54.85 NOTE
r-devel-linux-x86_64-fedora-clang 1.0.0 101.27 NOTE
r-devel-linux-x86_64-fedora-gcc 1.0.0 87.39 NOTE
r-devel-windows-x86_64 1.0.0 22.00 73.00 95.00 NOTE
r-devel-windows-x86_64-gcc10-UCRT 1.0.0 NOTE
r-patched-linux-x86_64 1.0.0 17.17 41.74 58.91 NOTE
r-patched-solaris-x86 1.0.0 95.50 NOTE
r-release-linux-x86_64 1.0.0 16.69 41.48 58.17 NOTE
r-release-macos-arm64 1.0.0 NOTE
r-release-macos-x86_64 1.0.0 NOTE
r-release-windows-ix86+x86_64 1.0.0 52.00 67.00 119.00 NOTE
r-oldrel-macos-x86_64 1.0.0 OK
r-oldrel-windows-ix86+x86_64 1.0.0 39.00 70.00 109.00 OK

Check Details

Version: 1.0.0
Check: LazyData
Result: NOTE
     'LazyData' is specified without a 'data' directory
Flavors: r-devel-linux-x86_64-debian-clang, r-devel-linux-x86_64-debian-gcc, r-devel-linux-x86_64-fedora-clang, r-devel-linux-x86_64-fedora-gcc, r-devel-windows-x86_64, r-devel-windows-x86_64-gcc10-UCRT, r-patched-linux-x86_64, r-patched-solaris-x86, r-release-linux-x86_64, r-release-macos-arm64, r-release-macos-x86_64, r-release-windows-ix86+x86_64