CRAN Package Check Results for Package pwrRasch

Last updated on 2024-02-22 04:05:00 CET.

Flavor Version Tinstall Tcheck Ttotal Status Flags
r-devel-linux-x86_64-debian-clang 0.1-2 NOTE
r-devel-linux-x86_64-debian-gcc 0.1-2 1.92 20.61 22.53 NOTE
r-devel-linux-x86_64-fedora-clang 0.1-2 37.68 NOTE
r-devel-linux-x86_64-fedora-gcc 0.1-2 35.27 NOTE
r-devel-windows-x86_64 0.1-2 3.00 44.00 47.00 NOTE
r-patched-linux-x86_64 0.1-2 3.28 26.60 29.88 NOTE
r-release-linux-x86_64 0.1-2 3.39 26.22 29.61 NOTE
r-release-macos-arm64 0.1-2 18.00 NOTE
r-release-macos-x86_64 0.1-2 23.00 NOTE
r-release-windows-x86_64 0.1-2 3.00 44.00 47.00 NOTE
r-oldrel-macos-arm64 0.1-2 20.00 OK
r-oldrel-windows-x86_64 0.1-2 5.00 46.00 51.00 OK

Check Details

Version: 0.1-2
Check: Rd files
Result: NOTE checkRd: (-1) aid_st2.Rd:6: Escaped LaTeX specials: \& Flavors: r-devel-linux-x86_64-debian-clang, r-devel-linux-x86_64-debian-gcc, r-devel-linux-x86_64-fedora-clang, r-devel-linux-x86_64-fedora-gcc, r-devel-windows-x86_64, r-patched-linux-x86_64, r-release-linux-x86_64, r-release-macos-arm64, r-release-macos-x86_64, r-release-windows-x86_64