CRAN Package Check Results for Package qad

Last updated on 2024-06-16 16:49:14 CEST.

Flavor Version Tinstall Tcheck Ttotal Status Flags
r-devel-linux-x86_64-debian-clang 1.0.4 31.84 176.94 208.78 NOTE
r-devel-linux-x86_64-debian-gcc 1.0.4 24.23 129.18 153.41 NOTE
r-devel-linux-x86_64-fedora-clang 1.0.4 267.67 NOTE
r-devel-linux-x86_64-fedora-gcc 1.0.4 277.55 NOTE
r-devel-windows-x86_64 1.0.4 28.00 146.00 174.00 NOTE
r-patched-linux-x86_64 1.0.4 30.25 165.50 195.75 NOTE
r-release-linux-x86_64 1.0.4 22.08 168.95 191.03 NOTE
r-release-macos-arm64 1.0.4 76.00 NOTE
r-release-macos-x86_64 1.0.4 113.00 NOTE
r-release-windows-x86_64 1.0.4 30.00 150.00 180.00 NOTE
r-oldrel-macos-arm64 1.0.4 77.00 OK
r-oldrel-macos-x86_64 1.0.4 134.00 OK
r-oldrel-windows-x86_64 1.0.4 38.00 189.00 227.00 OK

Check Details

Version: 1.0.4
Check: Rd files
Result: NOTE checkRd: (-1) ECBC.Rd:39: Lost braces; missing escapes or markup? 39 | Let (u_i,v_i) := (F_n(x_i),G_n(y_i)) be the pseudo-observations for i in \{1,\ldots,n\} and (u_1',v_1'),\ldots, (u_m',v_m') the distinct pairs of pseudo-observations with m leq n. Moreover set S_1:=\{0, u_1, \ldots, u_{m_1}\} and S_2:=\{0, v_1,\ldots, v_{m_2}\} and define the quantities t_i,r_i and s_i for i=1,\ldots, m by | ^ checkRd: (-1) ECBC.Rd:39: Lost braces; missing escapes or markup? 39 | Let (u_i,v_i) := (F_n(x_i),G_n(y_i)) be the pseudo-observations for i in \{1,\ldots,n\} and (u_1',v_1'),\ldots, (u_m',v_m') the distinct pairs of pseudo-observations with m leq n. Moreover set S_1:=\{0, u_1, \ldots, u_{m_1}\} and S_2:=\{0, v_1,\ldots, v_{m_2}\} and define the quantities t_i,r_i and s_i for i=1,\ldots, m by | ^ checkRd: (-1) ECBC.Rd:49: Lost braces; missing escapes or markup? 49 | and set the measure of the empirical copula mu_{A_n}^B := 1/n sum_{i=1}^m t_i mu_B^{w_i}, where B denotes the product copula. | ^ checkRd: (-1) ECBC.Rd:49: Lost braces; missing escapes or markup? 49 | and set the measure of the empirical copula mu_{A_n}^B := 1/n sum_{i=1}^m t_i mu_B^{w_i}, where B denotes the product copula. | ^ checkRd: (-1) ECBC.Rd:49: Lost braces; missing escapes or markup? 49 | and set the measure of the empirical copula mu_{A_n}^B := 1/n sum_{i=1}^m t_i mu_B^{w_i}, where B denotes the product copula. | ^ checkRd: (-1) emp_c_copula.Rd:42: Lost braces; missing escapes or markup? 42 | Let (u_i,v_i) := (F_n(x_i),G_n(y_i)) be the pseudo-observations for i in \{1,\ldots,n\} and (u_1',v_1'),\ldots, (u_m',v_m') the distinct pairs of pseudo-observations with m leq n. Moreover set S_1:=\{0, u_1, \ldots, u_{m_1}\} and S_2:=\{0, v_1,\ldots, v_{m_2}\} and define the quantities t_i,r_i and s_i for i=1,\ldots, m by | ^ checkRd: (-1) emp_c_copula.Rd:42: Lost braces; missing escapes or markup? 42 | Let (u_i,v_i) := (F_n(x_i),G_n(y_i)) be the pseudo-observations for i in \{1,\ldots,n\} and (u_1',v_1'),\ldots, (u_m',v_m') the distinct pairs of pseudo-observations with m leq n. Moreover set S_1:=\{0, u_1, \ldots, u_{m_1}\} and S_2:=\{0, v_1,\ldots, v_{m_2}\} and define the quantities t_i,r_i and s_i for i=1,\ldots, m by | ^ checkRd: (-1) emp_c_copula.Rd:52: Lost braces; missing escapes or markup? 52 | and set the measure of the empirical copula mu_{A_n}^B := 1/n sum_{i=1}^m t_i mu_B^{w_i}, where B denotes the product copula. | ^ checkRd: (-1) emp_c_copula.Rd:52: Lost braces; missing escapes or markup? 52 | and set the measure of the empirical copula mu_{A_n}^B := 1/n sum_{i=1}^m t_i mu_B^{w_i}, where B denotes the product copula. | ^ checkRd: (-1) emp_c_copula.Rd:52: Lost braces; missing escapes or markup? 52 | and set the measure of the empirical copula mu_{A_n}^B := 1/n sum_{i=1}^m t_i mu_B^{w_i}, where B denotes the product copula. | ^ Flavors: r-devel-linux-x86_64-debian-clang, r-devel-linux-x86_64-debian-gcc, r-devel-linux-x86_64-fedora-clang, r-devel-linux-x86_64-fedora-gcc, r-devel-windows-x86_64, r-patched-linux-x86_64, r-release-linux-x86_64, r-release-macos-arm64, r-release-macos-x86_64, r-release-windows-x86_64