CRAN Package Check Results for Package qcc

Last updated on 2021-09-23 13:55:00 CEST.

Flavor Version Tinstall Tcheck Ttotal Status Flags
r-devel-linux-x86_64-debian-clang 2.7 8.58 59.51 68.09 OK
r-devel-linux-x86_64-debian-gcc 2.7 5.79 43.48 49.27 OK
r-devel-linux-x86_64-fedora-clang 2.7 86.47 OK
r-devel-linux-x86_64-fedora-gcc 2.7 74.68 OK
r-devel-windows-x86_64 2.7 8.00 60.00 68.00 OK
r-devel-windows-x86_64-gcc10-UCRT 2.7 ERROR
r-patched-linux-x86_64 2.7 8.62 54.81 63.43 OK
r-patched-solaris-x86 2.7 94.30 OK
r-release-linux-x86_64 2.7 7.88 55.51 63.39 OK
r-release-macos-arm64 2.7 OK
r-release-macos-x86_64 2.7 OK
r-release-windows-ix86+x86_64 2.7 12.00 57.00 69.00 OK
r-oldrel-macos-x86_64 2.7 OK
r-oldrel-windows-ix86+x86_64 2.7 33.00 54.00 87.00 OK

Check Details

Version: 2.7
Check: PDF version of manual
Result: WARN
    LaTeX errors when creating PDF version.
    This typically indicates Rd problems.
Flavor: r-devel-windows-x86_64-gcc10-UCRT

Version: 2.7
Check: PDF version of manual without hyperrefs or index
Result: ERROR
    Re-running with no redirection of stdout/stderr.
Flavor: r-devel-windows-x86_64-gcc10-UCRT