CRAN Package Check Results for Package qdap

Last updated on 2021-09-28 07:48:37 CEST.

Flavor Version Tinstall Tcheck Ttotal Status Flags
r-devel-linux-x86_64-debian-clang 2.4.3 41.29 267.77 309.06 OK
r-devel-linux-x86_64-debian-gcc 2.4.3 30.18 197.54 227.72 OK
r-devel-linux-x86_64-fedora-clang 2.4.3 371.08 NOTE
r-devel-linux-x86_64-fedora-gcc 2.4.3 396.96 OK
r-devel-windows-x86_64 2.4.3 45.00 227.00 272.00 OK
r-devel-windows-x86_64-gcc10-UCRT 2.4.3 OK
r-patched-linux-x86_64 2.4.3 41.95 254.29 296.24 OK
r-patched-solaris-x86 2.4.3 441.80 OK
r-release-linux-x86_64 2.4.3 35.54 251.74 287.28 OK
r-release-macos-arm64 2.4.3 OK
r-release-macos-x86_64 2.4.3 OK
r-release-windows-ix86+x86_64 2.4.3 72.00 231.00 303.00 OK
r-oldrel-macos-x86_64 2.4.3 OK
r-oldrel-windows-ix86+x86_64 2.4.3 53.00 226.00 279.00 OK

Check Details

Version: 2.4.3
Check: Rd cross-references
Result: NOTE
    Undeclared package ‘gplots’ in Rd xrefs
Flavor: r-devel-linux-x86_64-fedora-clang