CRAN Package Check Results for Package qicharts2

Last updated on 2021-09-21 04:55:28 CEST.

Flavor Version Tinstall Tcheck Ttotal Status Flags
r-devel-linux-x86_64-debian-clang 0.7.2 5.31 101.18 106.49 OK
r-devel-linux-x86_64-debian-gcc 0.7.2 4.56 72.18 76.74 OK
r-devel-linux-x86_64-fedora-clang 0.7.2 126.89 OK
r-devel-linux-x86_64-fedora-gcc 0.7.2 116.84 OK
r-devel-windows-x86_64 0.7.2 10.00 89.00 99.00 OK
r-devel-windows-x86_64-gcc10-UCRT 0.7.2 ERROR
r-patched-linux-x86_64 0.7.2 5.39 91.00 96.39 OK
r-patched-solaris-x86 0.7.2 151.70 OK
r-release-linux-x86_64 0.7.2 5.45 92.08 97.53 OK
r-release-macos-arm64 0.7.2 OK
r-release-macos-x86_64 0.7.2 OK
r-release-windows-ix86+x86_64 0.7.2 14.00 87.00 101.00 OK
r-oldrel-macos-x86_64 0.7.2 OK
r-oldrel-windows-ix86+x86_64 0.7.2 15.00 84.00 99.00 OK

Check Details

Version: 0.7.2
Check: whether package can be installed
Result: WARN
    Found the following significant warnings:
     WARNING: installation-time patches will not be applied, could not get the patches index
Flavor: r-devel-windows-x86_64-gcc10-UCRT

Version: 0.7.2
Check: PDF version of manual
Result: WARN
    LaTeX errors when creating PDF version.
    This typically indicates Rd problems.
Flavor: r-devel-windows-x86_64-gcc10-UCRT

Version: 0.7.2
Check: PDF version of manual without hyperrefs or index
Result: ERROR
    Re-running with no redirection of stdout/stderr.
Flavor: r-devel-windows-x86_64-gcc10-UCRT