Last updated on 2023-09-28 10:56:53 CEST.
Flavor | Version | Tinstall | Tcheck | Ttotal | Status | Flags |
---|---|---|---|---|---|---|
r-devel-linux-x86_64-debian-clang | 0.2.7 | 11.51 | 227.03 | 238.54 | OK | |
r-devel-linux-x86_64-debian-gcc | 0.2.7 | 9.26 | 170.80 | 180.06 | OK | |
r-devel-linux-x86_64-fedora-clang | 0.2.7 | 291.73 | OK | |||
r-devel-linux-x86_64-fedora-gcc | 0.2.7 | 312.79 | OK | |||
r-devel-windows-x86_64 | 0.2.7 | 11.00 | 191.00 | 202.00 | OK | |
r-patched-linux-x86_64 | 0.2.7 | 8.29 | 216.32 | 224.61 | OK | |
r-release-linux-x86_64 | 0.2.7 | 7.89 | 220.99 | 228.88 | OK | |
r-release-macos-arm64 | 0.2.7 | 101.00 | OK | |||
r-release-macos-x86_64 | 0.2.7 | 97.00 | NOTE | |||
r-release-windows-x86_64 | 0.2.7 | 16.00 | 239.00 | 255.00 | OK | |
r-oldrel-macos-arm64 | 0.2.7 | 96.00 | OK | |||
r-oldrel-macos-x86_64 | 0.2.7 | 170.00 | OK | |||
r-oldrel-windows-x86_64 | 0.2.7 | 15.00 | 242.00 | 257.00 | OK |
Version: 0.2.7
Check: package dependencies
Result: NOTE
Packages suggested but not available for checking: 'glmmTMB', 'DHARMa'
Flavor: r-release-macos-x86_64