CRAN Package Check Results for Package qrencoder

Last updated on 2021-09-28 01:49:34 CEST.

Flavor Version Tinstall Tcheck Ttotal Status Flags
r-devel-linux-x86_64-debian-clang 0.1.0 28.31 75.86 104.17 NOTE
r-devel-linux-x86_64-debian-gcc 0.1.0 18.60 59.31 77.91 NOTE
r-devel-linux-x86_64-fedora-clang 0.1.0 137.84 NOTE
r-devel-linux-x86_64-fedora-gcc 0.1.0 139.42 NOTE
r-devel-windows-x86_64 0.1.0 29.00 82.00 111.00 NOTE
r-devel-windows-x86_64-gcc10-UCRT 0.1.0 NOTE
r-patched-linux-x86_64 0.1.0 23.37 73.99 97.36 NOTE
r-patched-solaris-x86 0.1.0 166.10 NOTE
r-release-linux-x86_64 0.1.0 21.13 74.83 95.96 NOTE
r-release-macos-arm64 0.1.0 NOTE
r-release-macos-x86_64 0.1.0 NOTE
r-release-windows-ix86+x86_64 0.1.0 69.00 105.00 174.00 NOTE
r-oldrel-macos-x86_64 0.1.0 OK
r-oldrel-windows-ix86+x86_64 0.1.0 50.00 102.00 152.00 OK

Check Details

Version: 0.1.0
Check: LazyData
Result: NOTE
     'LazyData' is specified without a 'data' directory
Flavors: r-devel-linux-x86_64-debian-clang, r-devel-linux-x86_64-debian-gcc, r-devel-linux-x86_64-fedora-clang, r-devel-linux-x86_64-fedora-gcc, r-devel-windows-x86_64, r-devel-windows-x86_64-gcc10-UCRT, r-patched-linux-x86_64, r-patched-solaris-x86, r-release-linux-x86_64, r-release-macos-arm64, r-release-macos-x86_64, r-release-windows-ix86+x86_64

Version: 0.1.0
Check: compiled code
Result: NOTE
    File ‘qrencoder/libs/qrencoder.so’:
     Found no calls to: ‘R_registerRoutines’, ‘R_useDynamicSymbols’
    
    It is good practice to register native routines and to disable symbol
    search.
    
    See ‘Writing portable packages’ in the ‘Writing R Extensions’ manual.
Flavors: r-devel-linux-x86_64-fedora-clang, r-devel-linux-x86_64-fedora-gcc