CRAN Package Check Results for Package qrmdata

Last updated on 2024-02-22 04:05:00 CET.

Flavor Version Tinstall Tcheck Ttotal Status Flags
r-devel-linux-x86_64-debian-clang 2022-05-31-1 NOTE
r-devel-linux-x86_64-debian-gcc 2022-05-31-1 1.85 37.54 39.39 NOTE
r-devel-linux-x86_64-fedora-clang 2022-05-31-1 63.03 NOTE
r-devel-linux-x86_64-fedora-gcc 2022-05-31-1 60.72 NOTE
r-devel-windows-x86_64 2022-05-31-1 4.00 63.00 67.00 NOTE
r-patched-linux-x86_64 2022-05-31-1 5.71 47.56 53.27 OK
r-release-linux-x86_64 2022-05-31-1 3.32 47.33 50.65 OK
r-release-macos-arm64 2022-05-31-1 30.00 NOTE
r-release-macos-x86_64 2022-05-31-1 38.00 NOTE
r-release-windows-x86_64 2022-05-31-1 5.00 69.00 74.00 NOTE
r-oldrel-macos-arm64 2022-05-31-1 25.00 NOTE
r-oldrel-windows-x86_64 2022-05-31-1 5.00 72.00 77.00 NOTE

Check Details

Version: 2022-05-31-1
Check: Rd files
Result: NOTE checkRd: (-1) NEWS.Rd:15: Escaped LaTeX specials: \& Flavors: r-devel-linux-x86_64-debian-clang, r-devel-linux-x86_64-debian-gcc, r-devel-linux-x86_64-fedora-clang, r-devel-linux-x86_64-fedora-gcc, r-devel-windows-x86_64

Version: 2022-05-31-1
Check: installed package size
Result: NOTE installed size is 11.0Mb sub-directories of 1Mb or more: data 10.9Mb Flavors: r-devel-linux-x86_64-fedora-clang, r-devel-windows-x86_64, r-release-macos-arm64, r-release-macos-x86_64, r-release-windows-x86_64, r-oldrel-macos-arm64, r-oldrel-windows-x86_64