CRAN Package Check Results for Package qtl2pleio

Last updated on 2021-09-28 22:52:17 CEST.

Flavor Version Tinstall Tcheck Ttotal Status Flags
r-devel-linux-x86_64-debian-clang 1.4.3 92.87 112.43 205.30 NOTE
r-devel-linux-x86_64-debian-gcc 1.4.3 61.04 82.71 143.75 NOTE
r-devel-linux-x86_64-fedora-clang 1.4.3 271.40 NOTE
r-devel-linux-x86_64-fedora-gcc 1.4.3 265.13 NOTE
r-devel-windows-x86_64 1.4.3 102.00 162.00 264.00 NOTE
r-devel-windows-x86_64-gcc10-UCRT 1.4.3 NOTE
r-patched-linux-x86_64 1.4.3 75.52 110.46 185.98 NOTE
r-patched-solaris-x86 1.4.3 268.20 NOTE
r-release-linux-x86_64 1.4.3 79.86 108.66 188.52 NOTE
r-release-macos-arm64 1.4.3 NOTE
r-release-macos-x86_64 1.4.3 NOTE
r-release-windows-ix86+x86_64 1.4.3 196.00 260.00 456.00 NOTE
r-oldrel-macos-x86_64 1.4.3 NOTE
r-oldrel-windows-ix86+x86_64 1.4.3 149.00 190.00 339.00 OK

Check Details

Version: 1.4.3
Check: LazyData
Result: NOTE
     'LazyData' is specified without a 'data' directory
Flavors: r-devel-linux-x86_64-debian-clang, r-devel-linux-x86_64-debian-gcc, r-devel-linux-x86_64-fedora-clang, r-devel-linux-x86_64-fedora-gcc, r-devel-windows-x86_64, r-devel-windows-x86_64-gcc10-UCRT, r-patched-linux-x86_64, r-patched-solaris-x86, r-release-linux-x86_64, r-release-macos-arm64, r-release-macos-x86_64, r-release-windows-ix86+x86_64

Version: 1.4.3
Check: installed package size
Result: NOTE
     installed size is 15.0Mb
     sub-directories of 1Mb or more:
     libs 14.7Mb
Flavors: r-devel-linux-x86_64-fedora-clang, r-release-macos-arm64, r-release-macos-x86_64, r-oldrel-macos-x86_64